{"id":337,"date":"2017-10-24T15:47:06","date_gmt":"2017-10-24T14:47:06","guid":{"rendered":"https:\/\/biblioteca.blanes.cat\/salajove\/?page_id=337"},"modified":"2024-01-31T19:08:08","modified_gmt":"2024-01-31T18:08:08","slug":"sales-destudi","status":"publish","type":"page","link":"https:\/\/biblioteca.blanes.cat\/salajove\/sales-destudi\/","title":{"rendered":"SALES D&#8217;ESTUDI"},"content":{"rendered":"<h2 style=\"text-align: justify;\">Per donar un millor servei als estudiants en \u00e8poca d\u2019ex\u00e0mens la Biblioteca Jove no tancar\u00e0 al migdia de dilluns a divendres de l\u20191 de desembre al 31 de gener i del 24 de maig al 26 de juny<\/h2>\n<p style=\"text-align: justify;\"><strong>Bib@prop<\/strong> \u00e9s una app gratu\u00efta que permet a qualsevol estudiant i ciutad\u00e0 localitzar de forma senzilla la biblioteca o sala d\u2019estudi m\u00e9s propera on poder estudiar. Actualment ja es poden geolocalitzar 420 biblioteques p\u00fabliques, universit\u00e0ries i sales d\u2019estudi catalanes i la informaci\u00f3 que s\u2019ofereix a l\u2019estudiant en temps real s\u00f3n les biblioteques i sales d\u2019estudi m\u00e9s properes a l&#8217;usuari, el seus horaris i condicions d\u2019acc\u00e9s.<\/p>\n<p>+ info:<a href=\"http:\/\/biblioteques.gencat.cat\/ca\/detalls\/Noticia\/bibaprop\" target=\"_blank\" rel=\"noopener\"><img fetchpriority=\"high\" decoding=\"async\" class=\"aligncenter wp-image-334 size-medium\" src=\"https:\/\/biblioteca.blanes.cat\/salajove\/wp-content\/uploads\/sites\/3\/2017\/10\/Bibaprop-300x183.png\" alt=\"\" width=\"300\" height=\"183\" srcset=\"https:\/\/biblioteca.blanes.cat\/salajove\/wp-content\/uploads\/sites\/3\/2017\/10\/Bibaprop-300x183.png 300w, https:\/\/biblioteca.blanes.cat\/salajove\/wp-content\/uploads\/sites\/3\/2017\/10\/Bibaprop-768x468.png 768w, https:\/\/biblioteca.blanes.cat\/salajove\/wp-content\/uploads\/sites\/3\/2017\/10\/Bibaprop-1024x623.png 1024w, https:\/\/biblioteca.blanes.cat\/salajove\/wp-content\/uploads\/sites\/3\/2017\/10\/Bibaprop.png 1480w\" sizes=\"(max-width: 300px) 100vw, 300px\" \/><\/a><\/p>\n","protected":false},"excerpt":{"rendered":"<p>Per donar un millor servei als estudiants en \u00e8poca d\u2019ex\u00e0mens la Biblioteca Jove no tancar\u00e0 al migdia de dilluns a divendres de l\u20191 de desembre al 31 de gener i del 24 de maig al 26 de juny Bib@prop \u00e9s<\/p>\n","protected":false},"author":4,"featured_media":0,"parent":0,"menu_order":0,"comment_status":"closed","ping_status":"closed","template":"","meta":{"sfsi_plus_gutenberg_text_before_share":"","sfsi_plus_gutenberg_show_text_before_share":"","sfsi_plus_gutenberg_icon_type":"","sfsi_plus_gutenberg_icon_alignemt":"","sfsi_plus_gutenburg_max_per_row":"","footnotes":""},"class_list":["post-337","page","type-page","status-publish","hentry"],"yoast_head":"<!-- This site is optimized with the Yoast SEO plugin v27.5 - https:\/\/yoast.com\/product\/yoast-seo-wordpress\/ -->\n<title>SALES D&#039;ESTUDI - Sala Jove<\/title>\n<meta name=\"robots\" content=\"index, follow, max-snippet:-1, max-image-preview:large, max-video-preview:-1\" \/>\n<link rel=\"canonical\" href=\"https:\/\/biblioteca.blanes.cat\/salajove\/sales-destudi\/\" \/>\n<meta property=\"og:locale\" content=\"ca_ES\" \/>\n<meta property=\"og:type\" content=\"article\" \/>\n<meta property=\"og:title\" content=\"SALES D&#039;ESTUDI - Sala Jove\" \/>\n<meta property=\"og:description\" content=\"Per donar un millor servei als estudiants en \u00e8poca d\u2019ex\u00e0mens la Biblioteca Jove no tancar\u00e0 al migdia de dilluns a divendres de l\u20191 de desembre al 31 de gener i del 24 de maig al 26 de juny Bib@prop \u00e9s\" \/>\n<meta property=\"og:url\" content=\"https:\/\/biblioteca.blanes.cat\/salajove\/sales-destudi\/\" \/>\n<meta property=\"og:site_name\" content=\"Sala Jove\" \/>\n<meta property=\"article:publisher\" content=\"https:\/\/www.facebook.com\/BilbiotecaComarcaldeBlanes\/\" \/>\n<meta property=\"article:modified_time\" content=\"2024-01-31T18:08:08+00:00\" \/>\n<meta property=\"og:image\" content=\"https:\/\/biblioteca.blanes.cat\/salajove\/wp-content\/uploads\/sites\/3\/2017\/10\/Bibaprop-300x183.png\" \/>\n<meta name=\"twitter:card\" content=\"summary_large_image\" \/>\n<meta name=\"twitter:site\" content=\"@BiblioBlanes\" \/>\n<meta name=\"twitter:label1\" content=\"Temps estimat de lectura\" \/>\n\t<meta name=\"twitter:data1\" content=\"1 minut\" \/>\n<script type=\"application\/ld+json\" class=\"yoast-schema-graph\">{\"@context\":\"https:\\\/\\\/schema.org\",\"@graph\":[{\"@type\":\"WebPage\",\"@id\":\"https:\\\/\\\/biblioteca.blanes.cat\\\/salajove\\\/sales-destudi\\\/\",\"url\":\"https:\\\/\\\/biblioteca.blanes.cat\\\/salajove\\\/sales-destudi\\\/\",\"name\":\"SALES D'ESTUDI - Sala Jove\",\"isPartOf\":{\"@id\":\"https:\\\/\\\/biblioteca.blanes.cat\\\/salajove\\\/#website\"},\"primaryImageOfPage\":{\"@id\":\"https:\\\/\\\/biblioteca.blanes.cat\\\/salajove\\\/sales-destudi\\\/#primaryimage\"},\"image\":{\"@id\":\"https:\\\/\\\/biblioteca.blanes.cat\\\/salajove\\\/sales-destudi\\\/#primaryimage\"},\"thumbnailUrl\":\"https:\\\/\\\/biblioteca.blanes.cat\\\/salajove\\\/wp-content\\\/uploads\\\/sites\\\/3\\\/2017\\\/10\\\/Bibaprop-300x183.png\",\"datePublished\":\"2017-10-24T14:47:06+00:00\",\"dateModified\":\"2024-01-31T18:08:08+00:00\",\"breadcrumb\":{\"@id\":\"https:\\\/\\\/biblioteca.blanes.cat\\\/salajove\\\/sales-destudi\\\/#breadcrumb\"},\"inLanguage\":\"ca\",\"potentialAction\":[{\"@type\":\"ReadAction\",\"target\":[\"https:\\\/\\\/biblioteca.blanes.cat\\\/salajove\\\/sales-destudi\\\/\"]}]},{\"@type\":\"ImageObject\",\"inLanguage\":\"ca\",\"@id\":\"https:\\\/\\\/biblioteca.blanes.cat\\\/salajove\\\/sales-destudi\\\/#primaryimage\",\"url\":\"https:\\\/\\\/biblioteca.blanes.cat\\\/salajove\\\/wp-content\\\/uploads\\\/sites\\\/3\\\/2017\\\/10\\\/Bibaprop.png\",\"contentUrl\":\"https:\\\/\\\/biblioteca.blanes.cat\\\/salajove\\\/wp-content\\\/uploads\\\/sites\\\/3\\\/2017\\\/10\\\/Bibaprop.png\",\"width\":1480,\"height\":901},{\"@type\":\"BreadcrumbList\",\"@id\":\"https:\\\/\\\/biblioteca.blanes.cat\\\/salajove\\\/sales-destudi\\\/#breadcrumb\",\"itemListElement\":[{\"@type\":\"ListItem\",\"position\":1,\"name\":\"Inici\",\"item\":\"https:\\\/\\\/biblioteca.blanes.cat\\\/salajove\\\/\"},{\"@type\":\"ListItem\",\"position\":2,\"name\":\"SALES D&#8217;ESTUDI\"}]},{\"@type\":\"WebSite\",\"@id\":\"https:\\\/\\\/biblioteca.blanes.cat\\\/salajove\\\/#website\",\"url\":\"https:\\\/\\\/biblioteca.blanes.cat\\\/salajove\\\/\",\"name\":\"Sala Jove\",\"description\":\"Biblioteca Comarcal de Blanes\",\"publisher\":{\"@id\":\"https:\\\/\\\/biblioteca.blanes.cat\\\/salajove\\\/#organization\"},\"potentialAction\":[{\"@type\":\"SearchAction\",\"target\":{\"@type\":\"EntryPoint\",\"urlTemplate\":\"https:\\\/\\\/biblioteca.blanes.cat\\\/salajove\\\/?s={search_term_string}\"},\"query-input\":{\"@type\":\"PropertyValueSpecification\",\"valueRequired\":true,\"valueName\":\"search_term_string\"}}],\"inLanguage\":\"ca\"},{\"@type\":\"Organization\",\"@id\":\"https:\\\/\\\/biblioteca.blanes.cat\\\/salajove\\\/#organization\",\"name\":\"Biblioteca Comarcal de Blanes\",\"url\":\"https:\\\/\\\/biblioteca.blanes.cat\\\/salajove\\\/\",\"logo\":{\"@type\":\"ImageObject\",\"inLanguage\":\"ca\",\"@id\":\"https:\\\/\\\/biblioteca.blanes.cat\\\/salajove\\\/#\\\/schema\\\/logo\\\/image\\\/\",\"url\":\"https:\\\/\\\/biblioteca.blanes.cat\\\/salajove\\\/wp-content\\\/uploads\\\/sites\\\/3\\\/2017\\\/09\\\/cropped-Bib-blau-e1518869380535.png\",\"contentUrl\":\"https:\\\/\\\/biblioteca.blanes.cat\\\/salajove\\\/wp-content\\\/uploads\\\/sites\\\/3\\\/2017\\\/09\\\/cropped-Bib-blau-e1518869380535.png\",\"width\":166,\"height\":166,\"caption\":\"Biblioteca Comarcal de Blanes\"},\"image\":{\"@id\":\"https:\\\/\\\/biblioteca.blanes.cat\\\/salajove\\\/#\\\/schema\\\/logo\\\/image\\\/\"},\"sameAs\":[\"https:\\\/\\\/www.facebook.com\\\/BilbiotecaComarcaldeBlanes\\\/\",\"https:\\\/\\\/x.com\\\/BiblioBlanes\",\"https:\\\/\\\/www.instagram.com\\\/biblioblanes\\\/\",\"https:\\\/\\\/www.pinterest.es\\\/bblanes\\\/\",\"https:\\\/\\\/www.youtube.com\\\/c\\\/BibliotecaComarcalBlanes\"]}]}<\/script>\n<!-- \/ Yoast SEO plugin. -->","yoast_head_json":{"title":"SALES D'ESTUDI - Sala Jove","robots":{"index":"index","follow":"follow","max-snippet":"max-snippet:-1","max-image-preview":"max-image-preview:large","max-video-preview":"max-video-preview:-1"},"canonical":"https:\/\/biblioteca.blanes.cat\/salajove\/sales-destudi\/","og_locale":"ca_ES","og_type":"article","og_title":"SALES D'ESTUDI - Sala Jove","og_description":"Per donar un millor servei als estudiants en \u00e8poca d\u2019ex\u00e0mens la Biblioteca Jove no tancar\u00e0 al migdia de dilluns a divendres de l\u20191 de desembre al 31 de gener i del 24 de maig al 26 de juny Bib@prop \u00e9s","og_url":"https:\/\/biblioteca.blanes.cat\/salajove\/sales-destudi\/","og_site_name":"Sala Jove","article_publisher":"https:\/\/www.facebook.com\/BilbiotecaComarcaldeBlanes\/","article_modified_time":"2024-01-31T18:08:08+00:00","og_image":[{"url":"https:\/\/biblioteca.blanes.cat\/salajove\/wp-content\/uploads\/sites\/3\/2017\/10\/Bibaprop-300x183.png","type":"","width":"","height":""}],"twitter_card":"summary_large_image","twitter_site":"@BiblioBlanes","twitter_misc":{"Temps estimat de lectura":"1 minut"},"schema":{"@context":"https:\/\/schema.org","@graph":[{"@type":"WebPage","@id":"https:\/\/biblioteca.blanes.cat\/salajove\/sales-destudi\/","url":"https:\/\/biblioteca.blanes.cat\/salajove\/sales-destudi\/","name":"SALES D'ESTUDI - Sala Jove","isPartOf":{"@id":"https:\/\/biblioteca.blanes.cat\/salajove\/#website"},"primaryImageOfPage":{"@id":"https:\/\/biblioteca.blanes.cat\/salajove\/sales-destudi\/#primaryimage"},"image":{"@id":"https:\/\/biblioteca.blanes.cat\/salajove\/sales-destudi\/#primaryimage"},"thumbnailUrl":"https:\/\/biblioteca.blanes.cat\/salajove\/wp-content\/uploads\/sites\/3\/2017\/10\/Bibaprop-300x183.png","datePublished":"2017-10-24T14:47:06+00:00","dateModified":"2024-01-31T18:08:08+00:00","breadcrumb":{"@id":"https:\/\/biblioteca.blanes.cat\/salajove\/sales-destudi\/#breadcrumb"},"inLanguage":"ca","potentialAction":[{"@type":"ReadAction","target":["https:\/\/biblioteca.blanes.cat\/salajove\/sales-destudi\/"]}]},{"@type":"ImageObject","inLanguage":"ca","@id":"https:\/\/biblioteca.blanes.cat\/salajove\/sales-destudi\/#primaryimage","url":"https:\/\/biblioteca.blanes.cat\/salajove\/wp-content\/uploads\/sites\/3\/2017\/10\/Bibaprop.png","contentUrl":"https:\/\/biblioteca.blanes.cat\/salajove\/wp-content\/uploads\/sites\/3\/2017\/10\/Bibaprop.png","width":1480,"height":901},{"@type":"BreadcrumbList","@id":"https:\/\/biblioteca.blanes.cat\/salajove\/sales-destudi\/#breadcrumb","itemListElement":[{"@type":"ListItem","position":1,"name":"Inici","item":"https:\/\/biblioteca.blanes.cat\/salajove\/"},{"@type":"ListItem","position":2,"name":"SALES D&#8217;ESTUDI"}]},{"@type":"WebSite","@id":"https:\/\/biblioteca.blanes.cat\/salajove\/#website","url":"https:\/\/biblioteca.blanes.cat\/salajove\/","name":"Sala Jove","description":"Biblioteca Comarcal de Blanes","publisher":{"@id":"https:\/\/biblioteca.blanes.cat\/salajove\/#organization"},"potentialAction":[{"@type":"SearchAction","target":{"@type":"EntryPoint","urlTemplate":"https:\/\/biblioteca.blanes.cat\/salajove\/?s={search_term_string}"},"query-input":{"@type":"PropertyValueSpecification","valueRequired":true,"valueName":"search_term_string"}}],"inLanguage":"ca"},{"@type":"Organization","@id":"https:\/\/biblioteca.blanes.cat\/salajove\/#organization","name":"Biblioteca Comarcal de Blanes","url":"https:\/\/biblioteca.blanes.cat\/salajove\/","logo":{"@type":"ImageObject","inLanguage":"ca","@id":"https:\/\/biblioteca.blanes.cat\/salajove\/#\/schema\/logo\/image\/","url":"https:\/\/biblioteca.blanes.cat\/salajove\/wp-content\/uploads\/sites\/3\/2017\/09\/cropped-Bib-blau-e1518869380535.png","contentUrl":"https:\/\/biblioteca.blanes.cat\/salajove\/wp-content\/uploads\/sites\/3\/2017\/09\/cropped-Bib-blau-e1518869380535.png","width":166,"height":166,"caption":"Biblioteca Comarcal de Blanes"},"image":{"@id":"https:\/\/biblioteca.blanes.cat\/salajove\/#\/schema\/logo\/image\/"},"sameAs":["https:\/\/www.facebook.com\/BilbiotecaComarcaldeBlanes\/","https:\/\/x.com\/BiblioBlanes","https:\/\/www.instagram.com\/biblioblanes\/","https:\/\/www.pinterest.es\/bblanes\/","https:\/\/www.youtube.com\/c\/BibliotecaComarcalBlanes"]}]}},"_links":{"self":[{"href":"https:\/\/biblioteca.blanes.cat\/salajove\/wp-json\/wp\/v2\/pages\/337","targetHints":{"allow":["GET"]}}],"collection":[{"href":"https:\/\/biblioteca.blanes.cat\/salajove\/wp-json\/wp\/v2\/pages"}],"about":[{"href":"https:\/\/biblioteca.blanes.cat\/salajove\/wp-json\/wp\/v2\/types\/page"}],"author":[{"embeddable":true,"href":"https:\/\/biblioteca.blanes.cat\/salajove\/wp-json\/wp\/v2\/users\/4"}],"replies":[{"embeddable":true,"href":"https:\/\/biblioteca.blanes.cat\/salajove\/wp-json\/wp\/v2\/comments?post=337"}],"version-history":[{"count":3,"href":"https:\/\/biblioteca.blanes.cat\/salajove\/wp-json\/wp\/v2\/pages\/337\/revisions"}],"predecessor-version":[{"id":8381,"href":"https:\/\/biblioteca.blanes.cat\/salajove\/wp-json\/wp\/v2\/pages\/337\/revisions\/8381"}],"wp:attachment":[{"href":"https:\/\/biblioteca.blanes.cat\/salajove\/wp-json\/wp\/v2\/media?parent=337"}],"curies":[{"name":"wp","href":"https:\/\/api.w.org\/{rel}","templated":true}]}}

<h2 style="text-align: justify;">Per donar un millor servei als estudiants en època d’exàmens la Biblioteca Jove no tancarà al migdia de dilluns a divendres de l’1 de desembre al 31 de gener i del 24 de maig al 26 de juny</h2>
<p style="text-align: justify;"><strong>Bib@prop</strong> és una app gratuïta que permet a qualsevol estudiant i ciutadà localitzar de forma senzilla la biblioteca o sala d’estudi més propera on poder estudiar. Actualment ja es poden geolocalitzar 420 biblioteques públiques, universitàries i sales d’estudi catalanes i la informació que s’ofereix a l’estudiant en temps real són les biblioteques i sales d’estudi més properes a l&#8217;usuari, el seus horaris i condicions d’accés.</p>
<p>+ info:<a href="http://biblioteques.gencat.cat/ca/detalls/Noticia/bibaprop" target="_blank" rel="noopener"><img fetchpriority="high" decoding="async" class="aligncenter wp-image-334 size-medium" src="https://biblioteca.blanes.cat/salajove/wp-content/uploads/sites/3/2017/10/Bibaprop-300x183.png" alt="" width="300" height="183" srcset="https://biblioteca.blanes.cat/salajove/wp-content/uploads/sites/3/2017/10/Bibaprop-300x183.png 300w, https://biblioteca.blanes.cat/salajove/wp-content/uploads/sites/3/2017/10/Bibaprop-768x468.png 768w, https://biblioteca.blanes.cat/salajove/wp-content/uploads/sites/3/2017/10/Bibaprop-1024x623.png 1024w, https://biblioteca.blanes.cat/salajove/wp-content/uploads/sites/3/2017/10/Bibaprop.png 1480w" sizes="(max-width: 300px) 100vw, 300px" /></a></p>

<p>Per donar un millor servei als estudiants en època d’exàmens la Biblioteca Jove no tancarà al migdia de dilluns a divendres de l’1 de desembre al 31 de gener i del 24 de maig al 26 de juny Bib@prop és</p>

<!-- This site is optimized with the Yoast SEO plugin v27.5 - https://yoast.com/product/yoast-seo-wordpress/ -->
<title>SALES D&#039;ESTUDI - Sala Jove</title>
<meta name="robots" content="index, follow, max-snippet:-1, max-image-preview:large, max-video-preview:-1" />
<link rel="canonical" href="https://biblioteca.blanes.cat/salajove/sales-destudi/" />
<meta property="og:locale" content="ca_ES" />
<meta property="og:type" content="article" />
<meta property="og:title" content="SALES D&#039;ESTUDI - Sala Jove" />
<meta property="og:description" content="Per donar un millor servei als estudiants en època d’exàmens la Biblioteca Jove no tancarà al migdia de dilluns a divendres de l’1 de desembre al 31 de gener i del 24 de maig al 26 de juny Bib@prop és" />
<meta property="og:url" content="https://biblioteca.blanes.cat/salajove/sales-destudi/" />
<meta property="og:site_name" content="Sala Jove" />
<meta property="article:publisher" content="https://www.facebook.com/BilbiotecaComarcaldeBlanes/" />
<meta property="article:modified_time" content="2024-01-31T18:08:08+00:00" />
<meta property="og:image" content="https://biblioteca.blanes.cat/salajove/wp-content/uploads/sites/3/2017/10/Bibaprop-300x183.png" />
<meta name="twitter:card" content="summary_large_image" />
<meta name="twitter:site" content="@BiblioBlanes" />
<meta name="twitter:label1" content="Temps estimat de lectura" />
	<meta name="twitter:data1" content="1 minut" />
<script type="application/ld+json" class="yoast-schema-graph">{"@context":"https:\/\/schema.org","@graph":[{"@type":"WebPage","@id":"https:\/\/biblioteca.blanes.cat\/salajove\/sales-destudi\/","url":"https:\/\/biblioteca.blanes.cat\/salajove\/sales-destudi\/","name":"SALES D'ESTUDI - Sala Jove","isPartOf":{"@id":"https:\/\/biblioteca.blanes.cat\/salajove\/#website"},"primaryImageOfPage":{"@id":"https:\/\/biblioteca.blanes.cat\/salajove\/sales-destudi\/#primaryimage"},"image":{"@id":"https:\/\/biblioteca.blanes.cat\/salajove\/sales-destudi\/#primaryimage"},"thumbnailUrl":"https:\/\/biblioteca.blanes.cat\/salajove\/wp-content\/uploads\/sites\/3\/2017\/10\/Bibaprop-300x183.png","datePublished":"2017-10-24T14:47:06+00:00","dateModified":"2024-01-31T18:08:08+00:00","breadcrumb":{"@id":"https:\/\/biblioteca.blanes.cat\/salajove\/sales-destudi\/#breadcrumb"},"inLanguage":"ca","potentialAction":[{"@type":"ReadAction","target":["https:\/\/biblioteca.blanes.cat\/salajove\/sales-destudi\/"]}]},{"@type":"ImageObject","inLanguage":"ca","@id":"https:\/\/biblioteca.blanes.cat\/salajove\/sales-destudi\/#primaryimage","url":"https:\/\/biblioteca.blanes.cat\/salajove\/wp-content\/uploads\/sites\/3\/2017\/10\/Bibaprop.png","contentUrl":"https:\/\/biblioteca.blanes.cat\/salajove\/wp-content\/uploads\/sites\/3\/2017\/10\/Bibaprop.png","width":1480,"height":901},{"@type":"BreadcrumbList","@id":"https:\/\/biblioteca.blanes.cat\/salajove\/sales-destudi\/#breadcrumb","itemListElement":[{"@type":"ListItem","position":1,"name":"Inici","item":"https:\/\/biblioteca.blanes.cat\/salajove\/"},{"@type":"ListItem","position":2,"name":"SALES D&#8217;ESTUDI"}]},{"@type":"WebSite","@id":"https:\/\/biblioteca.blanes.cat\/salajove\/#website","url":"https:\/\/biblioteca.blanes.cat\/salajove\/","name":"Sala Jove","description":"Biblioteca Comarcal de Blanes","publisher":{"@id":"https:\/\/biblioteca.blanes.cat\/salajove\/#organization"},"potentialAction":[{"@type":"SearchAction","target":{"@type":"EntryPoint","urlTemplate":"https:\/\/biblioteca.blanes.cat\/salajove\/?s={search_term_string}"},"query-input":{"@type":"PropertyValueSpecification","valueRequired":true,"valueName":"search_term_string"}}],"inLanguage":"ca"},{"@type":"Organization","@id":"https:\/\/biblioteca.blanes.cat\/salajove\/#organization","name":"Biblioteca Comarcal de Blanes","url":"https:\/\/biblioteca.blanes.cat\/salajove\/","logo":{"@type":"ImageObject","inLanguage":"ca","@id":"https:\/\/biblioteca.blanes.cat\/salajove\/#\/schema\/logo\/image\/","url":"https:\/\/biblioteca.blanes.cat\/salajove\/wp-content\/uploads\/sites\/3\/2017\/09\/cropped-Bib-blau-e1518869380535.png","contentUrl":"https:\/\/biblioteca.blanes.cat\/salajove\/wp-content\/uploads\/sites\/3\/2017\/09\/cropped-Bib-blau-e1518869380535.png","width":166,"height":166,"caption":"Biblioteca Comarcal de Blanes"},"image":{"@id":"https:\/\/biblioteca.blanes.cat\/salajove\/#\/schema\/logo\/image\/"},"sameAs":["https:\/\/www.facebook.com\/BilbiotecaComarcaldeBlanes\/","https:\/\/x.com\/BiblioBlanes","https:\/\/www.instagram.com\/biblioblanes\/","https:\/\/www.pinterest.es\/bblanes\/","https:\/\/www.youtube.com\/c\/BibliotecaComarcalBlanes"]}]}</script>
<!-- / Yoast SEO plugin. -->

Per donar un millor servei als estudiants en època d’exàmens la Biblioteca Jove no tancarà al migdia de dilluns a divendres de l’1 de desembre al 31 de gener i del 24 de maig al 26 de juny Bib@prop és
