{"id":327,"date":"2017-10-24T14:50:45","date_gmt":"2017-10-24T13:50:45","guid":{"rendered":"https:\/\/biblioteca.blanes.cat\/salajove\/?page_id=327"},"modified":"2023-11-28T16:01:43","modified_gmt":"2023-11-28T15:01:43","slug":"serveis","status":"publish","type":"page","link":"https:\/\/biblioteca.blanes.cat\/salajove\/serveis\/","title":{"rendered":"SERVEIS"},"content":{"rendered":"<h2 style=\"text-align: justify;\">La biblioteca vol fomentar la lectura, el treball i l\u2019estudi, introduir activitats de formaci\u00f3, dinamitzaci\u00f3 i lleure per al p\u00fablic jove.<\/h2>\n<p style=\"text-align: justify;\">La Biblioteca Comarcal de Blanes, com a biblioteca p\u00fablica, t\u00e9 com a objectius principals facilitar instruments que ajudin a satisfer les necessitats d\u2019informaci\u00f3, educaci\u00f3 i lleure de totes les persones, i esdevenir un espai de relaci\u00f3 i sociabilitat, un centre d\u2019acc\u00e9s a la informaci\u00f3 local i un punt d\u2019animaci\u00f3 cultural i promoci\u00f3 de la cultura.<\/p>\n<p style=\"text-align: justify;\">En marc te\u00f2ric neix un espai propi a la biblioteca destinat als joves on oferim una s\u00e8rie de serveis per facilitar el treball i l&#8217;estudi, fomentar la lectura i dinamitzar el lleure dels usuaris a partir de 12 anys.<\/p>\n<blockquote style=\"column-count: 4; text-align: center; family-font: gastada,verdana,lato; color: white; background-color: #ccccff; padding: 15px; font-size: 18px;\"><p><a href=\"https:\/\/biblioteca.blanes.cat\/salajove\/bibliorecerca\/\" target=\"_blank\" rel=\"noopener\"><b>Bibliorecerca<\/b><\/a><\/p>\n<p><a href=\"https:\/\/biblioteca.blanes.cat\/salajove\/cataleg\/\" target=\"_blank\" rel=\"noopener\"><b>Cat\u00e0legs<\/b><\/a><\/p>\n<p><a href=\"https:\/\/biblioteca.blanes.cat\/salajove\/category\/activitats\/\" target=\"_blank\" rel=\"noopener\"><b>Dinamitzaci\u00f3<\/b><\/a><\/p>\n<p><a href=\"https:\/\/biblioteca.blanes.cat\/salajove\/servei-comunitari\/\" target=\"_blank\" rel=\"noopener\"><b>Homework<\/b><\/a><\/p>\n<p><a href=\"https:\/\/biblioteca.blanes.cat\/salajove\/category\/novetats\/\" target=\"_blank\" rel=\"noopener\"><b>Novetats<\/b><\/a><\/p>\n<p><a href=\"https:\/\/biblioteca.blanes.cat\/salajove\/sales-destudi\/\" target=\"_blank\" rel=\"noopener\"><b>Sales d&#8217;estudi<\/b><\/a><\/p>\n<p><a href=\"https:\/\/biblioteca.blanes.cat\/salajove\/treballs-en-grup\/\" target=\"_blank\" rel=\"noopener\"><b>Treballs en grup<\/b><\/a><\/p>\n<p><a href=\"https:\/\/biblioteca.blanes.cat\/salajove\/visites\/\" target=\"_blank\" rel=\"noopener\"><b>Visites<\/b><\/a><\/p><\/blockquote>\n","protected":false},"excerpt":{"rendered":"<p>La biblioteca vol fomentar la lectura, el treball i l\u2019estudi, introduir activitats de formaci\u00f3, dinamitzaci\u00f3 i lleure per al p\u00fablic jove. La Biblioteca Comarcal de Blanes, com a biblioteca p\u00fablica, t\u00e9 com a objectius principals facilitar instruments que ajudin a<\/p>\n","protected":false},"author":4,"featured_media":0,"parent":0,"menu_order":0,"comment_status":"closed","ping_status":"closed","template":"","meta":{"sfsi_plus_gutenberg_text_before_share":"","sfsi_plus_gutenberg_show_text_before_share":"","sfsi_plus_gutenberg_icon_type":"","sfsi_plus_gutenberg_icon_alignemt":"","sfsi_plus_gutenburg_max_per_row":"","footnotes":""},"class_list":["post-327","page","type-page","status-publish","hentry"],"yoast_head":"<!-- This site is optimized with the Yoast SEO plugin v27.5 - https:\/\/yoast.com\/product\/yoast-seo-wordpress\/ -->\n<title>SERVEIS - Sala Jove<\/title>\n<meta name=\"robots\" content=\"index, follow, max-snippet:-1, max-image-preview:large, max-video-preview:-1\" \/>\n<link rel=\"canonical\" href=\"https:\/\/biblioteca.blanes.cat\/salajove\/serveis\/\" \/>\n<meta property=\"og:locale\" content=\"ca_ES\" \/>\n<meta property=\"og:type\" content=\"article\" \/>\n<meta property=\"og:title\" content=\"SERVEIS - Sala Jove\" \/>\n<meta property=\"og:description\" content=\"La biblioteca vol fomentar la lectura, el treball i l\u2019estudi, introduir activitats de formaci\u00f3, dinamitzaci\u00f3 i lleure per al p\u00fablic jove. La Biblioteca Comarcal de Blanes, com a biblioteca p\u00fablica, t\u00e9 com a objectius principals facilitar instruments que ajudin a\" \/>\n<meta property=\"og:url\" content=\"https:\/\/biblioteca.blanes.cat\/salajove\/serveis\/\" \/>\n<meta property=\"og:site_name\" content=\"Sala Jove\" \/>\n<meta property=\"article:publisher\" content=\"https:\/\/www.facebook.com\/BilbiotecaComarcaldeBlanes\/\" \/>\n<meta property=\"article:modified_time\" content=\"2023-11-28T15:01:43+00:00\" \/>\n<meta name=\"twitter:card\" content=\"summary_large_image\" \/>\n<meta name=\"twitter:site\" content=\"@BiblioBlanes\" \/>\n<meta name=\"twitter:label1\" content=\"Temps estimat de lectura\" \/>\n\t<meta name=\"twitter:data1\" content=\"1 minut\" \/>\n<script type=\"application\/ld+json\" class=\"yoast-schema-graph\">{\"@context\":\"https:\\\/\\\/schema.org\",\"@graph\":[{\"@type\":\"WebPage\",\"@id\":\"https:\\\/\\\/biblioteca.blanes.cat\\\/salajove\\\/serveis\\\/\",\"url\":\"https:\\\/\\\/biblioteca.blanes.cat\\\/salajove\\\/serveis\\\/\",\"name\":\"SERVEIS - Sala Jove\",\"isPartOf\":{\"@id\":\"https:\\\/\\\/biblioteca.blanes.cat\\\/salajove\\\/#website\"},\"datePublished\":\"2017-10-24T13:50:45+00:00\",\"dateModified\":\"2023-11-28T15:01:43+00:00\",\"breadcrumb\":{\"@id\":\"https:\\\/\\\/biblioteca.blanes.cat\\\/salajove\\\/serveis\\\/#breadcrumb\"},\"inLanguage\":\"ca\",\"potentialAction\":[{\"@type\":\"ReadAction\",\"target\":[\"https:\\\/\\\/biblioteca.blanes.cat\\\/salajove\\\/serveis\\\/\"]}]},{\"@type\":\"BreadcrumbList\",\"@id\":\"https:\\\/\\\/biblioteca.blanes.cat\\\/salajove\\\/serveis\\\/#breadcrumb\",\"itemListElement\":[{\"@type\":\"ListItem\",\"position\":1,\"name\":\"Inici\",\"item\":\"https:\\\/\\\/biblioteca.blanes.cat\\\/salajove\\\/\"},{\"@type\":\"ListItem\",\"position\":2,\"name\":\"SERVEIS\"}]},{\"@type\":\"WebSite\",\"@id\":\"https:\\\/\\\/biblioteca.blanes.cat\\\/salajove\\\/#website\",\"url\":\"https:\\\/\\\/biblioteca.blanes.cat\\\/salajove\\\/\",\"name\":\"Sala Jove\",\"description\":\"Biblioteca Comarcal de Blanes\",\"publisher\":{\"@id\":\"https:\\\/\\\/biblioteca.blanes.cat\\\/salajove\\\/#organization\"},\"potentialAction\":[{\"@type\":\"SearchAction\",\"target\":{\"@type\":\"EntryPoint\",\"urlTemplate\":\"https:\\\/\\\/biblioteca.blanes.cat\\\/salajove\\\/?s={search_term_string}\"},\"query-input\":{\"@type\":\"PropertyValueSpecification\",\"valueRequired\":true,\"valueName\":\"search_term_string\"}}],\"inLanguage\":\"ca\"},{\"@type\":\"Organization\",\"@id\":\"https:\\\/\\\/biblioteca.blanes.cat\\\/salajove\\\/#organization\",\"name\":\"Biblioteca Comarcal de Blanes\",\"url\":\"https:\\\/\\\/biblioteca.blanes.cat\\\/salajove\\\/\",\"logo\":{\"@type\":\"ImageObject\",\"inLanguage\":\"ca\",\"@id\":\"https:\\\/\\\/biblioteca.blanes.cat\\\/salajove\\\/#\\\/schema\\\/logo\\\/image\\\/\",\"url\":\"https:\\\/\\\/biblioteca.blanes.cat\\\/salajove\\\/wp-content\\\/uploads\\\/sites\\\/3\\\/2017\\\/09\\\/cropped-Bib-blau-e1518869380535.png\",\"contentUrl\":\"https:\\\/\\\/biblioteca.blanes.cat\\\/salajove\\\/wp-content\\\/uploads\\\/sites\\\/3\\\/2017\\\/09\\\/cropped-Bib-blau-e1518869380535.png\",\"width\":166,\"height\":166,\"caption\":\"Biblioteca Comarcal de Blanes\"},\"image\":{\"@id\":\"https:\\\/\\\/biblioteca.blanes.cat\\\/salajove\\\/#\\\/schema\\\/logo\\\/image\\\/\"},\"sameAs\":[\"https:\\\/\\\/www.facebook.com\\\/BilbiotecaComarcaldeBlanes\\\/\",\"https:\\\/\\\/x.com\\\/BiblioBlanes\",\"https:\\\/\\\/www.instagram.com\\\/biblioblanes\\\/\",\"https:\\\/\\\/www.pinterest.es\\\/bblanes\\\/\",\"https:\\\/\\\/www.youtube.com\\\/c\\\/BibliotecaComarcalBlanes\"]}]}<\/script>\n<!-- \/ Yoast SEO plugin. -->","yoast_head_json":{"title":"SERVEIS - Sala Jove","robots":{"index":"index","follow":"follow","max-snippet":"max-snippet:-1","max-image-preview":"max-image-preview:large","max-video-preview":"max-video-preview:-1"},"canonical":"https:\/\/biblioteca.blanes.cat\/salajove\/serveis\/","og_locale":"ca_ES","og_type":"article","og_title":"SERVEIS - Sala Jove","og_description":"La biblioteca vol fomentar la lectura, el treball i l\u2019estudi, introduir activitats de formaci\u00f3, dinamitzaci\u00f3 i lleure per al p\u00fablic jove. La Biblioteca Comarcal de Blanes, com a biblioteca p\u00fablica, t\u00e9 com a objectius principals facilitar instruments que ajudin a","og_url":"https:\/\/biblioteca.blanes.cat\/salajove\/serveis\/","og_site_name":"Sala Jove","article_publisher":"https:\/\/www.facebook.com\/BilbiotecaComarcaldeBlanes\/","article_modified_time":"2023-11-28T15:01:43+00:00","twitter_card":"summary_large_image","twitter_site":"@BiblioBlanes","twitter_misc":{"Temps estimat de lectura":"1 minut"},"schema":{"@context":"https:\/\/schema.org","@graph":[{"@type":"WebPage","@id":"https:\/\/biblioteca.blanes.cat\/salajove\/serveis\/","url":"https:\/\/biblioteca.blanes.cat\/salajove\/serveis\/","name":"SERVEIS - Sala Jove","isPartOf":{"@id":"https:\/\/biblioteca.blanes.cat\/salajove\/#website"},"datePublished":"2017-10-24T13:50:45+00:00","dateModified":"2023-11-28T15:01:43+00:00","breadcrumb":{"@id":"https:\/\/biblioteca.blanes.cat\/salajove\/serveis\/#breadcrumb"},"inLanguage":"ca","potentialAction":[{"@type":"ReadAction","target":["https:\/\/biblioteca.blanes.cat\/salajove\/serveis\/"]}]},{"@type":"BreadcrumbList","@id":"https:\/\/biblioteca.blanes.cat\/salajove\/serveis\/#breadcrumb","itemListElement":[{"@type":"ListItem","position":1,"name":"Inici","item":"https:\/\/biblioteca.blanes.cat\/salajove\/"},{"@type":"ListItem","position":2,"name":"SERVEIS"}]},{"@type":"WebSite","@id":"https:\/\/biblioteca.blanes.cat\/salajove\/#website","url":"https:\/\/biblioteca.blanes.cat\/salajove\/","name":"Sala Jove","description":"Biblioteca Comarcal de Blanes","publisher":{"@id":"https:\/\/biblioteca.blanes.cat\/salajove\/#organization"},"potentialAction":[{"@type":"SearchAction","target":{"@type":"EntryPoint","urlTemplate":"https:\/\/biblioteca.blanes.cat\/salajove\/?s={search_term_string}"},"query-input":{"@type":"PropertyValueSpecification","valueRequired":true,"valueName":"search_term_string"}}],"inLanguage":"ca"},{"@type":"Organization","@id":"https:\/\/biblioteca.blanes.cat\/salajove\/#organization","name":"Biblioteca Comarcal de Blanes","url":"https:\/\/biblioteca.blanes.cat\/salajove\/","logo":{"@type":"ImageObject","inLanguage":"ca","@id":"https:\/\/biblioteca.blanes.cat\/salajove\/#\/schema\/logo\/image\/","url":"https:\/\/biblioteca.blanes.cat\/salajove\/wp-content\/uploads\/sites\/3\/2017\/09\/cropped-Bib-blau-e1518869380535.png","contentUrl":"https:\/\/biblioteca.blanes.cat\/salajove\/wp-content\/uploads\/sites\/3\/2017\/09\/cropped-Bib-blau-e1518869380535.png","width":166,"height":166,"caption":"Biblioteca Comarcal de Blanes"},"image":{"@id":"https:\/\/biblioteca.blanes.cat\/salajove\/#\/schema\/logo\/image\/"},"sameAs":["https:\/\/www.facebook.com\/BilbiotecaComarcaldeBlanes\/","https:\/\/x.com\/BiblioBlanes","https:\/\/www.instagram.com\/biblioblanes\/","https:\/\/www.pinterest.es\/bblanes\/","https:\/\/www.youtube.com\/c\/BibliotecaComarcalBlanes"]}]}},"_links":{"self":[{"href":"https:\/\/biblioteca.blanes.cat\/salajove\/wp-json\/wp\/v2\/pages\/327","targetHints":{"allow":["GET"]}}],"collection":[{"href":"https:\/\/biblioteca.blanes.cat\/salajove\/wp-json\/wp\/v2\/pages"}],"about":[{"href":"https:\/\/biblioteca.blanes.cat\/salajove\/wp-json\/wp\/v2\/types\/page"}],"author":[{"embeddable":true,"href":"https:\/\/biblioteca.blanes.cat\/salajove\/wp-json\/wp\/v2\/users\/4"}],"replies":[{"embeddable":true,"href":"https:\/\/biblioteca.blanes.cat\/salajove\/wp-json\/wp\/v2\/comments?post=327"}],"version-history":[{"count":10,"href":"https:\/\/biblioteca.blanes.cat\/salajove\/wp-json\/wp\/v2\/pages\/327\/revisions"}],"predecessor-version":[{"id":8251,"href":"https:\/\/biblioteca.blanes.cat\/salajove\/wp-json\/wp\/v2\/pages\/327\/revisions\/8251"}],"wp:attachment":[{"href":"https:\/\/biblioteca.blanes.cat\/salajove\/wp-json\/wp\/v2\/media?parent=327"}],"curies":[{"name":"wp","href":"https:\/\/api.w.org\/{rel}","templated":true}]}}

<h2 style="text-align: justify;">La biblioteca vol fomentar la lectura, el treball i l’estudi, introduir activitats de formació, dinamització i lleure per al públic jove.</h2>
<p style="text-align: justify;">La Biblioteca Comarcal de Blanes, com a biblioteca pública, té com a objectius principals facilitar instruments que ajudin a satisfer les necessitats d’informació, educació i lleure de totes les persones, i esdevenir un espai de relació i sociabilitat, un centre d’accés a la informació local i un punt d’animació cultural i promoció de la cultura.</p>
<p style="text-align: justify;">En marc teòric neix un espai propi a la biblioteca destinat als joves on oferim una sèrie de serveis per facilitar el treball i l&#8217;estudi, fomentar la lectura i dinamitzar el lleure dels usuaris a partir de 12 anys.</p>
<blockquote style="column-count: 4; text-align: center; family-font: gastada,verdana,lato; color: white; background-color: #ccccff; padding: 15px; font-size: 18px;"><p><a href="https://biblioteca.blanes.cat/salajove/bibliorecerca/" target="_blank" rel="noopener"><b>Bibliorecerca</b></a></p>
<p><a href="https://biblioteca.blanes.cat/salajove/cataleg/" target="_blank" rel="noopener"><b>Catàlegs</b></a></p>
<p><a href="https://biblioteca.blanes.cat/salajove/category/activitats/" target="_blank" rel="noopener"><b>Dinamització</b></a></p>
<p><a href="https://biblioteca.blanes.cat/salajove/servei-comunitari/" target="_blank" rel="noopener"><b>Homework</b></a></p>
<p><a href="https://biblioteca.blanes.cat/salajove/category/novetats/" target="_blank" rel="noopener"><b>Novetats</b></a></p>
<p><a href="https://biblioteca.blanes.cat/salajove/sales-destudi/" target="_blank" rel="noopener"><b>Sales d&#8217;estudi</b></a></p>
<p><a href="https://biblioteca.blanes.cat/salajove/treballs-en-grup/" target="_blank" rel="noopener"><b>Treballs en grup</b></a></p>
<p><a href="https://biblioteca.blanes.cat/salajove/visites/" target="_blank" rel="noopener"><b>Visites</b></a></p></blockquote>

<p>La biblioteca vol fomentar la lectura, el treball i l’estudi, introduir activitats de formació, dinamització i lleure per al públic jove. La Biblioteca Comarcal de Blanes, com a biblioteca pública, té com a objectius principals facilitar instruments que ajudin a</p>

<!-- This site is optimized with the Yoast SEO plugin v27.5 - https://yoast.com/product/yoast-seo-wordpress/ -->
<title>SERVEIS - Sala Jove</title>
<meta name="robots" content="index, follow, max-snippet:-1, max-image-preview:large, max-video-preview:-1" />
<link rel="canonical" href="https://biblioteca.blanes.cat/salajove/serveis/" />
<meta property="og:locale" content="ca_ES" />
<meta property="og:type" content="article" />
<meta property="og:title" content="SERVEIS - Sala Jove" />
<meta property="og:description" content="La biblioteca vol fomentar la lectura, el treball i l’estudi, introduir activitats de formació, dinamització i lleure per al públic jove. La Biblioteca Comarcal de Blanes, com a biblioteca pública, té com a objectius principals facilitar instruments que ajudin a" />
<meta property="og:url" content="https://biblioteca.blanes.cat/salajove/serveis/" />
<meta property="og:site_name" content="Sala Jove" />
<meta property="article:publisher" content="https://www.facebook.com/BilbiotecaComarcaldeBlanes/" />
<meta property="article:modified_time" content="2023-11-28T15:01:43+00:00" />
<meta name="twitter:card" content="summary_large_image" />
<meta name="twitter:site" content="@BiblioBlanes" />
<meta name="twitter:label1" content="Temps estimat de lectura" />
	<meta name="twitter:data1" content="1 minut" />
<script type="application/ld+json" class="yoast-schema-graph">{"@context":"https:\/\/schema.org","@graph":[{"@type":"WebPage","@id":"https:\/\/biblioteca.blanes.cat\/salajove\/serveis\/","url":"https:\/\/biblioteca.blanes.cat\/salajove\/serveis\/","name":"SERVEIS - Sala Jove","isPartOf":{"@id":"https:\/\/biblioteca.blanes.cat\/salajove\/#website"},"datePublished":"2017-10-24T13:50:45+00:00","dateModified":"2023-11-28T15:01:43+00:00","breadcrumb":{"@id":"https:\/\/biblioteca.blanes.cat\/salajove\/serveis\/#breadcrumb"},"inLanguage":"ca","potentialAction":[{"@type":"ReadAction","target":["https:\/\/biblioteca.blanes.cat\/salajove\/serveis\/"]}]},{"@type":"BreadcrumbList","@id":"https:\/\/biblioteca.blanes.cat\/salajove\/serveis\/#breadcrumb","itemListElement":[{"@type":"ListItem","position":1,"name":"Inici","item":"https:\/\/biblioteca.blanes.cat\/salajove\/"},{"@type":"ListItem","position":2,"name":"SERVEIS"}]},{"@type":"WebSite","@id":"https:\/\/biblioteca.blanes.cat\/salajove\/#website","url":"https:\/\/biblioteca.blanes.cat\/salajove\/","name":"Sala Jove","description":"Biblioteca Comarcal de Blanes","publisher":{"@id":"https:\/\/biblioteca.blanes.cat\/salajove\/#organization"},"potentialAction":[{"@type":"SearchAction","target":{"@type":"EntryPoint","urlTemplate":"https:\/\/biblioteca.blanes.cat\/salajove\/?s={search_term_string}"},"query-input":{"@type":"PropertyValueSpecification","valueRequired":true,"valueName":"search_term_string"}}],"inLanguage":"ca"},{"@type":"Organization","@id":"https:\/\/biblioteca.blanes.cat\/salajove\/#organization","name":"Biblioteca Comarcal de Blanes","url":"https:\/\/biblioteca.blanes.cat\/salajove\/","logo":{"@type":"ImageObject","inLanguage":"ca","@id":"https:\/\/biblioteca.blanes.cat\/salajove\/#\/schema\/logo\/image\/","url":"https:\/\/biblioteca.blanes.cat\/salajove\/wp-content\/uploads\/sites\/3\/2017\/09\/cropped-Bib-blau-e1518869380535.png","contentUrl":"https:\/\/biblioteca.blanes.cat\/salajove\/wp-content\/uploads\/sites\/3\/2017\/09\/cropped-Bib-blau-e1518869380535.png","width":166,"height":166,"caption":"Biblioteca Comarcal de Blanes"},"image":{"@id":"https:\/\/biblioteca.blanes.cat\/salajove\/#\/schema\/logo\/image\/"},"sameAs":["https:\/\/www.facebook.com\/BilbiotecaComarcaldeBlanes\/","https:\/\/x.com\/BiblioBlanes","https:\/\/www.instagram.com\/biblioblanes\/","https:\/\/www.pinterest.es\/bblanes\/","https:\/\/www.youtube.com\/c\/BibliotecaComarcalBlanes"]}]}</script>
<!-- / Yoast SEO plugin. -->

La biblioteca vol fomentar la lectura, el treball i l’estudi, introduir activitats de formació, dinamització i lleure per al públic jove. La Biblioteca Comarcal de Blanes, com a biblioteca pública, té com a objectius principals facilitar instruments que ajudin a
