{"version":"1.0","provider_name":"Sala Jove","provider_url":"https:\/\/biblioteca.blanes.cat\/salajove","author_name":"biblioblanes","author_url":"https:\/\/biblioteca.blanes.cat\/salajove\/author\/biblioblanes\/","title":"Club de Lectura Juvenil #emblanats: El m\u00e0gic d'Oz - Sala Jove","type":"rich","width":600,"height":338,"html":"<blockquote class=\"wp-embedded-content\" data-secret=\"ByhVqnVE3P\"><a href=\"https:\/\/biblioteca.blanes.cat\/salajove\/2025\/04\/14\/club-de-lectura-juvenil-emblanats-el-magic-doz\/\">Club de Lectura Juvenil #emblanats: El m\u00e0gic d&#8217;Oz<\/a><\/blockquote><iframe sandbox=\"allow-scripts\" security=\"restricted\" src=\"https:\/\/biblioteca.blanes.cat\/salajove\/2025\/04\/14\/club-de-lectura-juvenil-emblanats-el-magic-doz\/embed\/#?secret=ByhVqnVE3P\" width=\"600\" height=\"338\" title=\"&#8220;Club de Lectura Juvenil #emblanats: El m\u00e0gic d&#8217;Oz&#8221; &#8212; Sala Jove\" data-secret=\"ByhVqnVE3P\" frameborder=\"0\" marginwidth=\"0\" marginheight=\"0\" scrolling=\"no\" class=\"wp-embedded-content\"><\/iframe><script type=\"text\/javascript\">\n\/* <![CDATA[ *\/\n\/*! This file is auto-generated *\/\n!function(d,l){\"use strict\";l.querySelector&&d.addEventListener&&\"undefined\"!=typeof URL&&(d.wp=d.wp||{},d.wp.receiveEmbedMessage||(d.wp.receiveEmbedMessage=function(e){var t=e.data;if((t||t.secret||t.message||t.value)&&!\/[^a-zA-Z0-9]\/.test(t.secret)){for(var s,r,n,a=l.querySelectorAll('iframe[data-secret=\"'+t.secret+'\"]'),o=l.querySelectorAll('blockquote[data-secret=\"'+t.secret+'\"]'),c=new RegExp(\"^https?:$\",\"i\"),i=0;i<o.length;i++)o[i].style.display=\"none\";for(i=0;i<a.length;i++)s=a[i],e.source===s.contentWindow&&(s.removeAttribute(\"style\"),\"height\"===t.message?(1e3<(r=parseInt(t.value,10))?r=1e3:~~r<200&&(r=200),s.height=r):\"link\"===t.message&&(r=new URL(s.getAttribute(\"src\")),n=new URL(t.value),c.test(n.protocol))&&n.host===r.host&&l.activeElement===s&&(d.top.location.href=t.value))}},d.addEventListener(\"message\",d.wp.receiveEmbedMessage,!1),l.addEventListener(\"DOMContentLoaded\",function(){for(var e,t,s=l.querySelectorAll(\"iframe.wp-embedded-content\"),r=0;r<s.length;r++)(t=(e=s[r]).getAttribute(\"data-secret\"))||(t=Math.random().toString(36).substring(2,12),e.src+=\"#?secret=\"+t,e.setAttribute(\"data-secret\",t)),e.contentWindow.postMessage({message:\"ready\",secret:t},\"*\")},!1)))}(window,document);\n\/\/# sourceURL=https:\/\/biblioteca.blanes.cat\/salajove\/wp-includes\/js\/wp-embed.min.js\n\/* ]]> *\/\n<\/script>\n","thumbnail_url":"https:\/\/biblioteca.blanes.cat\/salajove\/wp-content\/uploads\/sites\/3\/2025\/04\/IMG_20250411_171923-scaled.jpg","thumbnail_width":1920,"thumbnail_height":2560,"description":"Cada curs al Club de Lectura Juvenil #emblanats llegim un cl\u00e0ssic. Creiem que \u00e9s important con\u00e8ixer les refer\u00e8ncies liter\u00e0ries anteriors als nostres temps per entendre millor la literatura contempor\u00e0nia. \u00a0 \u00a0 \u00a0 \u00a0 \u00a0 \u00a0 \u00a0 \u00a0 \u00a0 \u00a0 Aquest"}

Club de Lectura Juvenil #emblanats: El màgic d'Oz - Sala Jove

<blockquote class="wp-embedded-content" data-secret="ByhVqnVE3P"><a href="https://biblioteca.blanes.cat/salajove/2025/04/14/club-de-lectura-juvenil-emblanats-el-magic-doz/">Club de Lectura Juvenil #emblanats: El màgic d&#8217;Oz</a></blockquote><iframe sandbox="allow-scripts" security="restricted" src="https://biblioteca.blanes.cat/salajove/2025/04/14/club-de-lectura-juvenil-emblanats-el-magic-doz/embed/#?secret=ByhVqnVE3P" width="600" height="338" title="&#8220;Club de Lectura Juvenil #emblanats: El màgic d&#8217;Oz&#8221; &#8212; Sala Jove" data-secret="ByhVqnVE3P" frameborder="0" marginwidth="0" marginheight="0" scrolling="no" class="wp-embedded-content"></iframe><script type="text/javascript">
/* <![CDATA[ */
/*! This file is auto-generated */
!function(d,l){"use strict";l.querySelector&&d.addEventListener&&"undefined"!=typeof URL&&(d.wp=d.wp||{},d.wp.receiveEmbedMessage||(d.wp.receiveEmbedMessage=function(e){var t=e.data;if((t||t.secret||t.message||t.value)&&!/[^a-zA-Z0-9]/.test(t.secret)){for(var s,r,n,a=l.querySelectorAll('iframe[data-secret="'+t.secret+'"]'),o=l.querySelectorAll('blockquote[data-secret="'+t.secret+'"]'),c=new RegExp("^https?:$","i"),i=0;i<o.length;i++)o[i].style.display="none";for(i=0;i<a.length;i++)s=a[i],e.source===s.contentWindow&&(s.removeAttribute("style"),"height"===t.message?(1e3<(r=parseInt(t.value,10))?r=1e3:~~r<200&&(r=200),s.height=r):"link"===t.message&&(r=new URL(s.getAttribute("src")),n=new URL(t.value),c.test(n.protocol))&&n.host===r.host&&l.activeElement===s&&(d.top.location.href=t.value))}},d.addEventListener("message",d.wp.receiveEmbedMessage,!1),l.addEventListener("DOMContentLoaded",function(){for(var e,t,s=l.querySelectorAll("iframe.wp-embedded-content"),r=0;r<s.length;r++)(t=(e=s[r]).getAttribute("data-secret"))||(t=Math.random().toString(36).substring(2,12),e.src+="#?secret="+t,e.setAttribute("data-secret",t)),e.contentWindow.postMessage({message:"ready",secret:t},"*")},!1)))}(window,document);
//# sourceURL=https://biblioteca.blanes.cat/salajove/wp-includes/js/wp-embed.min.js
/* ]]> */
</script>

Cada curs al Club de Lectura Juvenil #emblanats llegim un clàssic. Creiem que és important conèixer les referències literàries anteriors als nostres temps per entendre millor la literatura contemporània.                     Aquest
