{"version":"1.0","provider_name":"Sala Jove","provider_url":"https:\/\/biblioteca.blanes.cat\/salajove","author_name":"biblioblanes","author_url":"https:\/\/biblioteca.blanes.cat\/salajove\/author\/biblioblanes\/","title":"Rac\u00f3 d'en Jaume: Anem de viatge a.... - Sala Jove","type":"rich","width":600,"height":338,"html":"<blockquote class=\"wp-embedded-content\" data-secret=\"hFtRR2tGRa\"><a href=\"https:\/\/biblioteca.blanes.cat\/salajove\/2022\/07\/04\/raco-den-jaume-anem-de-viatge-a\/\">Rac\u00f3 d&#8217;en Jaume: Anem de viatge a&#8230;.<\/a><\/blockquote><iframe sandbox=\"allow-scripts\" security=\"restricted\" src=\"https:\/\/biblioteca.blanes.cat\/salajove\/2022\/07\/04\/raco-den-jaume-anem-de-viatge-a\/embed\/#?secret=hFtRR2tGRa\" width=\"600\" height=\"338\" title=\"&#8220;Rac\u00f3 d&#8217;en Jaume: Anem de viatge a&#8230;.&#8221; &#8212; Sala Jove\" data-secret=\"hFtRR2tGRa\" frameborder=\"0\" marginwidth=\"0\" marginheight=\"0\" scrolling=\"no\" class=\"wp-embedded-content\"><\/iframe><script type=\"text\/javascript\">\n\/* <![CDATA[ *\/\n\/*! This file is auto-generated *\/\n!function(d,l){\"use strict\";l.querySelector&&d.addEventListener&&\"undefined\"!=typeof URL&&(d.wp=d.wp||{},d.wp.receiveEmbedMessage||(d.wp.receiveEmbedMessage=function(e){var t=e.data;if((t||t.secret||t.message||t.value)&&!\/[^a-zA-Z0-9]\/.test(t.secret)){for(var s,r,n,a=l.querySelectorAll('iframe[data-secret=\"'+t.secret+'\"]'),o=l.querySelectorAll('blockquote[data-secret=\"'+t.secret+'\"]'),c=new RegExp(\"^https?:$\",\"i\"),i=0;i<o.length;i++)o[i].style.display=\"none\";for(i=0;i<a.length;i++)s=a[i],e.source===s.contentWindow&&(s.removeAttribute(\"style\"),\"height\"===t.message?(1e3<(r=parseInt(t.value,10))?r=1e3:~~r<200&&(r=200),s.height=r):\"link\"===t.message&&(r=new URL(s.getAttribute(\"src\")),n=new URL(t.value),c.test(n.protocol))&&n.host===r.host&&l.activeElement===s&&(d.top.location.href=t.value))}},d.addEventListener(\"message\",d.wp.receiveEmbedMessage,!1),l.addEventListener(\"DOMContentLoaded\",function(){for(var e,t,s=l.querySelectorAll(\"iframe.wp-embedded-content\"),r=0;r<s.length;r++)(t=(e=s[r]).getAttribute(\"data-secret\"))||(t=Math.random().toString(36).substring(2,12),e.src+=\"#?secret=\"+t,e.setAttribute(\"data-secret\",t)),e.contentWindow.postMessage({message:\"ready\",secret:t},\"*\")},!1)))}(window,document);\n\/\/# sourceURL=https:\/\/biblioteca.blanes.cat\/salajove\/wp-includes\/js\/wp-embed.min.js\n\/* ]]> *\/\n<\/script>\n","thumbnail_url":"https:\/\/biblioteca.blanes.cat\/salajove\/wp-content\/uploads\/sites\/3\/2020\/12\/boina-raco-den-jaume-2.jpg","thumbnail_width":340,"thumbnail_height":290,"description":"Esteu preparats joves? Marxem de viatge! Si, si, en Jaume ens ho ha preparat tot perqu\u00e8 ens sigui molt f\u00e0cil triar on marxem aquestes vacances. \u00a0 \u00a0 Am\u00e8rica, \u00c0frica, Oceania, \u00c0sia o Europa? Sabeu que hi ha un munt de"}

Racó d'en Jaume: Anem de viatge a.... - Sala Jove

<blockquote class="wp-embedded-content" data-secret="hFtRR2tGRa"><a href="https://biblioteca.blanes.cat/salajove/2022/07/04/raco-den-jaume-anem-de-viatge-a/">Racó d&#8217;en Jaume: Anem de viatge a&#8230;.</a></blockquote><iframe sandbox="allow-scripts" security="restricted" src="https://biblioteca.blanes.cat/salajove/2022/07/04/raco-den-jaume-anem-de-viatge-a/embed/#?secret=hFtRR2tGRa" width="600" height="338" title="&#8220;Racó d&#8217;en Jaume: Anem de viatge a&#8230;.&#8221; &#8212; Sala Jove" data-secret="hFtRR2tGRa" frameborder="0" marginwidth="0" marginheight="0" scrolling="no" class="wp-embedded-content"></iframe><script type="text/javascript">
/* <![CDATA[ */
/*! This file is auto-generated */
!function(d,l){"use strict";l.querySelector&&d.addEventListener&&"undefined"!=typeof URL&&(d.wp=d.wp||{},d.wp.receiveEmbedMessage||(d.wp.receiveEmbedMessage=function(e){var t=e.data;if((t||t.secret||t.message||t.value)&&!/[^a-zA-Z0-9]/.test(t.secret)){for(var s,r,n,a=l.querySelectorAll('iframe[data-secret="'+t.secret+'"]'),o=l.querySelectorAll('blockquote[data-secret="'+t.secret+'"]'),c=new RegExp("^https?:$","i"),i=0;i<o.length;i++)o[i].style.display="none";for(i=0;i<a.length;i++)s=a[i],e.source===s.contentWindow&&(s.removeAttribute("style"),"height"===t.message?(1e3<(r=parseInt(t.value,10))?r=1e3:~~r<200&&(r=200),s.height=r):"link"===t.message&&(r=new URL(s.getAttribute("src")),n=new URL(t.value),c.test(n.protocol))&&n.host===r.host&&l.activeElement===s&&(d.top.location.href=t.value))}},d.addEventListener("message",d.wp.receiveEmbedMessage,!1),l.addEventListener("DOMContentLoaded",function(){for(var e,t,s=l.querySelectorAll("iframe.wp-embedded-content"),r=0;r<s.length;r++)(t=(e=s[r]).getAttribute("data-secret"))||(t=Math.random().toString(36).substring(2,12),e.src+="#?secret="+t,e.setAttribute("data-secret",t)),e.contentWindow.postMessage({message:"ready",secret:t},"*")},!1)))}(window,document);
//# sourceURL=https://biblioteca.blanes.cat/salajove/wp-includes/js/wp-embed.min.js
/* ]]> */
</script>

Esteu preparats joves? Marxem de viatge! Si, si, en Jaume ens ho ha preparat tot perquè ens sigui molt fàcil triar on marxem aquestes vacances.     Amèrica, Àfrica, Oceania, Àsia o Europa? Sabeu que hi ha un munt de
