{"version":"1.0","provider_name":"Sala Jove","provider_url":"https:\/\/biblioteca.blanes.cat\/salajove","author_name":"biblioblanes","author_url":"https:\/\/biblioteca.blanes.cat\/salajove\/author\/biblioblanes\/","title":"La Marat\u00f3 2020: Aquesta Marat\u00f3 toca a tothom - Sala Jove","type":"rich","width":600,"height":338,"html":"<blockquote class=\"wp-embedded-content\" data-secret=\"y8IV8ko9e4\"><a href=\"https:\/\/biblioteca.blanes.cat\/salajove\/2020\/11\/27\/la-marato-2020-aquesta-marato-toca-a-tothom\/\">La Marat\u00f3 2020: Aquesta Marat\u00f3 toca a tothom<\/a><\/blockquote><iframe sandbox=\"allow-scripts\" security=\"restricted\" src=\"https:\/\/biblioteca.blanes.cat\/salajove\/2020\/11\/27\/la-marato-2020-aquesta-marato-toca-a-tothom\/embed\/#?secret=y8IV8ko9e4\" width=\"600\" height=\"338\" title=\"&#8220;La Marat\u00f3 2020: Aquesta Marat\u00f3 toca a tothom&#8221; &#8212; Sala Jove\" data-secret=\"y8IV8ko9e4\" frameborder=\"0\" marginwidth=\"0\" marginheight=\"0\" scrolling=\"no\" class=\"wp-embedded-content\"><\/iframe><script type=\"text\/javascript\">\n\/* <![CDATA[ *\/\n\/*! This file is auto-generated *\/\n!function(d,l){\"use strict\";l.querySelector&&d.addEventListener&&\"undefined\"!=typeof URL&&(d.wp=d.wp||{},d.wp.receiveEmbedMessage||(d.wp.receiveEmbedMessage=function(e){var t=e.data;if((t||t.secret||t.message||t.value)&&!\/[^a-zA-Z0-9]\/.test(t.secret)){for(var s,r,n,a=l.querySelectorAll('iframe[data-secret=\"'+t.secret+'\"]'),o=l.querySelectorAll('blockquote[data-secret=\"'+t.secret+'\"]'),c=new RegExp(\"^https?:$\",\"i\"),i=0;i<o.length;i++)o[i].style.display=\"none\";for(i=0;i<a.length;i++)s=a[i],e.source===s.contentWindow&&(s.removeAttribute(\"style\"),\"height\"===t.message?(1e3<(r=parseInt(t.value,10))?r=1e3:~~r<200&&(r=200),s.height=r):\"link\"===t.message&&(r=new URL(s.getAttribute(\"src\")),n=new URL(t.value),c.test(n.protocol))&&n.host===r.host&&l.activeElement===s&&(d.top.location.href=t.value))}},d.addEventListener(\"message\",d.wp.receiveEmbedMessage,!1),l.addEventListener(\"DOMContentLoaded\",function(){for(var e,t,s=l.querySelectorAll(\"iframe.wp-embedded-content\"),r=0;r<s.length;r++)(t=(e=s[r]).getAttribute(\"data-secret\"))||(t=Math.random().toString(36).substring(2,12),e.src+=\"#?secret=\"+t,e.setAttribute(\"data-secret\",t)),e.contentWindow.postMessage({message:\"ready\",secret:t},\"*\")},!1)))}(window,document);\n\/\/# sourceURL=https:\/\/biblioteca.blanes.cat\/salajove\/wp-includes\/js\/wp-embed.min.js\n\/* ]]> *\/\n<\/script>\n","thumbnail_url":"https:\/\/biblioteca.blanes.cat\/salajove\/wp-content\/uploads\/sites\/3\/2020\/11\/arrenca_29a_LaMarato.jpg","thumbnail_width":690,"thumbnail_height":512,"description":"La Marat\u00f3 per la Covid19 A la Biblioteca Comarcal de Blanes col.laborem cada any amb la Marat\u00f3. Aquest any 2020 hem preparat uns lots regal, amb llibres procedents de donatius, que trobareu al vest\u00edbul de la Biblioteca Un regal, Un"}

La Marató 2020: Aquesta Marató toca a tothom - Sala Jove

<blockquote class="wp-embedded-content" data-secret="y8IV8ko9e4"><a href="https://biblioteca.blanes.cat/salajove/2020/11/27/la-marato-2020-aquesta-marato-toca-a-tothom/">La Marató 2020: Aquesta Marató toca a tothom</a></blockquote><iframe sandbox="allow-scripts" security="restricted" src="https://biblioteca.blanes.cat/salajove/2020/11/27/la-marato-2020-aquesta-marato-toca-a-tothom/embed/#?secret=y8IV8ko9e4" width="600" height="338" title="&#8220;La Marató 2020: Aquesta Marató toca a tothom&#8221; &#8212; Sala Jove" data-secret="y8IV8ko9e4" frameborder="0" marginwidth="0" marginheight="0" scrolling="no" class="wp-embedded-content"></iframe><script type="text/javascript">
/* <![CDATA[ */
/*! This file is auto-generated */
!function(d,l){"use strict";l.querySelector&&d.addEventListener&&"undefined"!=typeof URL&&(d.wp=d.wp||{},d.wp.receiveEmbedMessage||(d.wp.receiveEmbedMessage=function(e){var t=e.data;if((t||t.secret||t.message||t.value)&&!/[^a-zA-Z0-9]/.test(t.secret)){for(var s,r,n,a=l.querySelectorAll('iframe[data-secret="'+t.secret+'"]'),o=l.querySelectorAll('blockquote[data-secret="'+t.secret+'"]'),c=new RegExp("^https?:$","i"),i=0;i<o.length;i++)o[i].style.display="none";for(i=0;i<a.length;i++)s=a[i],e.source===s.contentWindow&&(s.removeAttribute("style"),"height"===t.message?(1e3<(r=parseInt(t.value,10))?r=1e3:~~r<200&&(r=200),s.height=r):"link"===t.message&&(r=new URL(s.getAttribute("src")),n=new URL(t.value),c.test(n.protocol))&&n.host===r.host&&l.activeElement===s&&(d.top.location.href=t.value))}},d.addEventListener("message",d.wp.receiveEmbedMessage,!1),l.addEventListener("DOMContentLoaded",function(){for(var e,t,s=l.querySelectorAll("iframe.wp-embedded-content"),r=0;r<s.length;r++)(t=(e=s[r]).getAttribute("data-secret"))||(t=Math.random().toString(36).substring(2,12),e.src+="#?secret="+t,e.setAttribute("data-secret",t)),e.contentWindow.postMessage({message:"ready",secret:t},"*")},!1)))}(window,document);
//# sourceURL=https://biblioteca.blanes.cat/salajove/wp-includes/js/wp-embed.min.js
/* ]]> */
</script>

La Marató per la Covid19 A la Biblioteca Comarcal de Blanes col.laborem cada any amb la Marató. Aquest any 2020 hem preparat uns lots regal, amb llibres procedents de donatius, que trobareu al vestíbul de la Biblioteca Un regal, Un
