{"version":"1.0","provider_name":"Sala Jove","provider_url":"https:\/\/biblioteca.blanes.cat\/salajove","author_name":"biblioblanes","author_url":"https:\/\/biblioteca.blanes.cat\/salajove\/author\/biblioblanes\/","title":"INFO: ens pots ajudar? Respon a la crida! - Sala Jove","type":"rich","width":600,"height":338,"html":"<blockquote class=\"wp-embedded-content\" data-secret=\"mLCgU4js0y\"><a href=\"https:\/\/biblioteca.blanes.cat\/salajove\/2018\/02\/17\/info-pots-ajudar-respon-crida\/\">INFO: ens pots ajudar? Respon a la crida!<\/a><\/blockquote><iframe sandbox=\"allow-scripts\" security=\"restricted\" src=\"https:\/\/biblioteca.blanes.cat\/salajove\/2018\/02\/17\/info-pots-ajudar-respon-crida\/embed\/#?secret=mLCgU4js0y\" width=\"600\" height=\"338\" title=\"&#8220;INFO: ens pots ajudar? Respon a la crida!&#8221; &#8212; Sala Jove\" data-secret=\"mLCgU4js0y\" frameborder=\"0\" marginwidth=\"0\" marginheight=\"0\" scrolling=\"no\" class=\"wp-embedded-content\"><\/iframe><script type=\"text\/javascript\">\n\/* <![CDATA[ *\/\n\/*! This file is auto-generated *\/\n!function(d,l){\"use strict\";l.querySelector&&d.addEventListener&&\"undefined\"!=typeof URL&&(d.wp=d.wp||{},d.wp.receiveEmbedMessage||(d.wp.receiveEmbedMessage=function(e){var t=e.data;if((t||t.secret||t.message||t.value)&&!\/[^a-zA-Z0-9]\/.test(t.secret)){for(var s,r,n,a=l.querySelectorAll('iframe[data-secret=\"'+t.secret+'\"]'),o=l.querySelectorAll('blockquote[data-secret=\"'+t.secret+'\"]'),c=new RegExp(\"^https?:$\",\"i\"),i=0;i<o.length;i++)o[i].style.display=\"none\";for(i=0;i<a.length;i++)s=a[i],e.source===s.contentWindow&&(s.removeAttribute(\"style\"),\"height\"===t.message?(1e3<(r=parseInt(t.value,10))?r=1e3:~~r<200&&(r=200),s.height=r):\"link\"===t.message&&(r=new URL(s.getAttribute(\"src\")),n=new URL(t.value),c.test(n.protocol))&&n.host===r.host&&l.activeElement===s&&(d.top.location.href=t.value))}},d.addEventListener(\"message\",d.wp.receiveEmbedMessage,!1),l.addEventListener(\"DOMContentLoaded\",function(){for(var e,t,s=l.querySelectorAll(\"iframe.wp-embedded-content\"),r=0;r<s.length;r++)(t=(e=s[r]).getAttribute(\"data-secret\"))||(t=Math.random().toString(36).substring(2,12),e.src+=\"#?secret=\"+t,e.setAttribute(\"data-secret\",t)),e.contentWindow.postMessage({message:\"ready\",secret:t},\"*\")},!1)))}(window,document);\n\/\/# sourceURL=https:\/\/biblioteca.blanes.cat\/salajove\/wp-includes\/js\/wp-embed.min.js\n\/* ]]> *\/\n<\/script>\n","thumbnail_url":"https:\/\/biblioteca.blanes.cat\/salajove\/wp-content\/uploads\/sites\/3\/2017\/09\/cropped-Bib-blau-e1518869380535.png","thumbnail_width":166,"thumbnail_height":166,"description":"Si tens entre 12 i 18 anys aquest post \u00e9s per tu! Des del Servei de Biblioteques estan preparant una bibliografia tem\u00e0tica sobre joves i, per aix\u00f2, us fem arribar aquesta enquesta que permetr\u00e0 recollir dades reals dels joves d\u2019avui"}

Si tens entre 12 i 18 anys aquest post és per tu! Des del Servei de Biblioteques estan preparant una bibliografia temàtica sobre joves i, per això, us fem arribar aquesta enquesta que permetrà recollir dades reals dels joves d’avui
