{"id":9258,"date":"2024-07-12T19:21:12","date_gmt":"2024-07-12T18:21:12","guid":{"rendered":"https:\/\/biblioteca.blanes.cat\/salainfantil\/wp-content\/uploads\/sites\/2\/2024\/07\/\u00a1Vaya-vacaciones-Victor-Garcia-Leon.jpg"},"modified":"2024-07-12T19:21:12","modified_gmt":"2024-07-12T18:21:12","slug":"vaya-vacaciones-victor-garcia-leon","status":"inherit","type":"attachment","link":"https:\/\/biblioteca.blanes.cat\/salainfantil\/novetats-agost-2024\/vaya-vacaciones-victor-garcia-leon\/","title":{"rendered":"\u00a1Vaya vacaciones! V\u00edctor Garc\u00eda Le\u00f3n"},"author":4,"featured_media":0,"comment_status":"open","ping_status":"closed","template":"","meta":{"sfsi_plus_gutenberg_text_before_share":"","sfsi_plus_gutenberg_show_text_before_share":"","sfsi_plus_gutenberg_icon_type":"","sfsi_plus_gutenberg_icon_alignemt":"","sfsi_plus_gutenburg_max_per_row":""},"class_list":["post-9258","attachment","type-attachment","status-inherit","hentry"],"yoast_head":"<!-- This site is optimized with the Yoast SEO plugin v27.5 - https:\/\/yoast.com\/product\/yoast-seo-wordpress\/ -->\n<title>\u00a1Vaya vacaciones! V\u00edctor Garc\u00eda Le\u00f3n - SALA INFANTIL<\/title>\n<meta name=\"robots\" content=\"index, follow, max-snippet:-1, max-image-preview:large, max-video-preview:-1\" \/>\n<link rel=\"canonical\" href=\"https:\/\/biblioteca.blanes.cat\/salainfantil\/wp-content\/uploads\/sites\/2\/2024\/07\/\u00a1Vaya-vacaciones-Victor-Garcia-Leon.jpg\" \/>\n<meta property=\"og:locale\" content=\"ca_ES\" \/>\n<meta property=\"og:type\" content=\"article\" \/>\n<meta property=\"og:title\" content=\"\u00a1Vaya vacaciones! V\u00edctor Garc\u00eda Le\u00f3n - SALA INFANTIL\" \/>\n<meta property=\"og:url\" content=\"https:\/\/biblioteca.blanes.cat\/salainfantil\/wp-content\/uploads\/sites\/2\/2024\/07\/\u00a1Vaya-vacaciones-Victor-Garcia-Leon.jpg\" \/>\n<meta property=\"og:site_name\" content=\"SALA INFANTIL\" \/>\n<meta property=\"og:image\" content=\"https:\/\/biblioteca.blanes.cat\/salainfantil\/wp-content\/uploads\/sites\/2\/2024\/07\/\u00a1Vaya-vacaciones-Victor-Garcia-Leon.jpg\" \/>\n\t<meta property=\"og:image:width\" content=\"700\" \/>\n\t<meta property=\"og:image:height\" content=\"1038\" \/>\n\t<meta property=\"og:image:type\" content=\"image\/jpeg\" \/>\n<meta name=\"twitter:card\" content=\"summary_large_image\" \/>\n<script type=\"application\/ld+json\" class=\"yoast-schema-graph\">{\"@context\":\"https:\\\/\\\/schema.org\",\"@graph\":[{\"@type\":\"WebPage\",\"@id\":\"https:\\\/\\\/biblioteca.blanes.cat\\\/salainfantil\\\/wp-content\\\/uploads\\\/sites\\\/2\\\/2024\\\/07\\\/\u00a1Vaya-vacaciones-Victor-Garcia-Leon.jpg\",\"url\":\"https:\\\/\\\/biblioteca.blanes.cat\\\/salainfantil\\\/wp-content\\\/uploads\\\/sites\\\/2\\\/2024\\\/07\\\/\u00a1Vaya-vacaciones-Victor-Garcia-Leon.jpg\",\"name\":\"\u00a1Vaya vacaciones! V\u00edctor Garc\u00eda Le\u00f3n - SALA INFANTIL\",\"isPartOf\":{\"@id\":\"https:\\\/\\\/biblioteca.blanes.cat\\\/salainfantil\\\/#website\"},\"datePublished\":\"2024-07-12T18:21:12+00:00\",\"breadcrumb\":{\"@id\":\"https:\\\/\\\/biblioteca.blanes.cat\\\/salainfantil\\\/wp-content\\\/uploads\\\/sites\\\/2\\\/2024\\\/07\\\/\u00a1Vaya-vacaciones-Victor-Garcia-Leon.jpg#breadcrumb\"},\"inLanguage\":\"ca\",\"potentialAction\":[{\"@type\":\"ReadAction\",\"target\":[\"https:\\\/\\\/biblioteca.blanes.cat\\\/salainfantil\\\/wp-content\\\/uploads\\\/sites\\\/2\\\/2024\\\/07\\\/\u00a1Vaya-vacaciones-Victor-Garcia-Leon.jpg\"]}]},{\"@type\":\"BreadcrumbList\",\"@id\":\"https:\\\/\\\/biblioteca.blanes.cat\\\/salainfantil\\\/wp-content\\\/uploads\\\/sites\\\/2\\\/2024\\\/07\\\/\u00a1Vaya-vacaciones-Victor-Garcia-Leon.jpg#breadcrumb\",\"itemListElement\":[{\"@type\":\"ListItem\",\"position\":1,\"name\":\"Inici\",\"item\":\"https:\\\/\\\/biblioteca.blanes.cat\\\/salainfantil\\\/\"},{\"@type\":\"ListItem\",\"position\":2,\"name\":\"\u00a1Vaya vacaciones! V\u00edctor Garc\u00eda Le\u00f3n\"}]},{\"@type\":\"WebSite\",\"@id\":\"https:\\\/\\\/biblioteca.blanes.cat\\\/salainfantil\\\/#website\",\"url\":\"https:\\\/\\\/biblioteca.blanes.cat\\\/salainfantil\\\/\",\"name\":\"SALA INFANTIL\",\"description\":\"Biblioteca Roberto Bola\u00f1o\",\"potentialAction\":[{\"@type\":\"SearchAction\",\"target\":{\"@type\":\"EntryPoint\",\"urlTemplate\":\"https:\\\/\\\/biblioteca.blanes.cat\\\/salainfantil\\\/?s={search_term_string}\"},\"query-input\":{\"@type\":\"PropertyValueSpecification\",\"valueRequired\":true,\"valueName\":\"search_term_string\"}}],\"inLanguage\":\"ca\"}]}<\/script>\n<!-- \/ Yoast SEO plugin. -->","yoast_head_json":{"title":"\u00a1Vaya vacaciones! V\u00edctor Garc\u00eda Le\u00f3n - SALA INFANTIL","robots":{"index":"index","follow":"follow","max-snippet":"max-snippet:-1","max-image-preview":"max-image-preview:large","max-video-preview":"max-video-preview:-1"},"canonical":"https:\/\/biblioteca.blanes.cat\/salainfantil\/wp-content\/uploads\/sites\/2\/2024\/07\/\u00a1Vaya-vacaciones-Victor-Garcia-Leon.jpg","og_locale":"ca_ES","og_type":"article","og_title":"\u00a1Vaya vacaciones! V\u00edctor Garc\u00eda Le\u00f3n - SALA INFANTIL","og_url":"https:\/\/biblioteca.blanes.cat\/salainfantil\/wp-content\/uploads\/sites\/2\/2024\/07\/\u00a1Vaya-vacaciones-Victor-Garcia-Leon.jpg","og_site_name":"SALA INFANTIL","og_image":[{"width":700,"height":1038,"url":"https:\/\/biblioteca.blanes.cat\/salainfantil\/wp-content\/uploads\/sites\/2\/2024\/07\/\u00a1Vaya-vacaciones-Victor-Garcia-Leon.jpg","type":"image\/jpeg"}],"twitter_card":"summary_large_image","schema":{"@context":"https:\/\/schema.org","@graph":[{"@type":"WebPage","@id":"https:\/\/biblioteca.blanes.cat\/salainfantil\/wp-content\/uploads\/sites\/2\/2024\/07\/\u00a1Vaya-vacaciones-Victor-Garcia-Leon.jpg","url":"https:\/\/biblioteca.blanes.cat\/salainfantil\/wp-content\/uploads\/sites\/2\/2024\/07\/\u00a1Vaya-vacaciones-Victor-Garcia-Leon.jpg","name":"\u00a1Vaya vacaciones! V\u00edctor Garc\u00eda Le\u00f3n - SALA INFANTIL","isPartOf":{"@id":"https:\/\/biblioteca.blanes.cat\/salainfantil\/#website"},"datePublished":"2024-07-12T18:21:12+00:00","breadcrumb":{"@id":"https:\/\/biblioteca.blanes.cat\/salainfantil\/wp-content\/uploads\/sites\/2\/2024\/07\/\u00a1Vaya-vacaciones-Victor-Garcia-Leon.jpg#breadcrumb"},"inLanguage":"ca","potentialAction":[{"@type":"ReadAction","target":["https:\/\/biblioteca.blanes.cat\/salainfantil\/wp-content\/uploads\/sites\/2\/2024\/07\/\u00a1Vaya-vacaciones-Victor-Garcia-Leon.jpg"]}]},{"@type":"BreadcrumbList","@id":"https:\/\/biblioteca.blanes.cat\/salainfantil\/wp-content\/uploads\/sites\/2\/2024\/07\/\u00a1Vaya-vacaciones-Victor-Garcia-Leon.jpg#breadcrumb","itemListElement":[{"@type":"ListItem","position":1,"name":"Inici","item":"https:\/\/biblioteca.blanes.cat\/salainfantil\/"},{"@type":"ListItem","position":2,"name":"\u00a1Vaya vacaciones! V\u00edctor Garc\u00eda Le\u00f3n"}]},{"@type":"WebSite","@id":"https:\/\/biblioteca.blanes.cat\/salainfantil\/#website","url":"https:\/\/biblioteca.blanes.cat\/salainfantil\/","name":"SALA INFANTIL","description":"Biblioteca Roberto Bola\u00f1o","potentialAction":[{"@type":"SearchAction","target":{"@type":"EntryPoint","urlTemplate":"https:\/\/biblioteca.blanes.cat\/salainfantil\/?s={search_term_string}"},"query-input":{"@type":"PropertyValueSpecification","valueRequired":true,"valueName":"search_term_string"}}],"inLanguage":"ca"}]}},"description":{"rendered":"<p class=\"attachment\"><a href='https:\/\/biblioteca.blanes.cat\/salainfantil\/wp-content\/uploads\/sites\/2\/2024\/07\/\u00a1Vaya-vacaciones-Victor-Garcia-Leon.jpg'><img fetchpriority=\"high\" decoding=\"async\" width=\"202\" height=\"300\" src=\"https:\/\/biblioteca.blanes.cat\/salainfantil\/wp-content\/uploads\/sites\/2\/2024\/07\/\u00a1Vaya-vacaciones-Victor-Garcia-Leon-202x300.jpg\" class=\"attachment-medium size-medium\" alt=\"\" srcset=\"https:\/\/biblioteca.blanes.cat\/salainfantil\/wp-content\/uploads\/sites\/2\/2024\/07\/\u00a1Vaya-vacaciones-Victor-Garcia-Leon-202x300.jpg 202w, https:\/\/biblioteca.blanes.cat\/salainfantil\/wp-content\/uploads\/sites\/2\/2024\/07\/\u00a1Vaya-vacaciones-Victor-Garcia-Leon-691x1024.jpg 691w, https:\/\/biblioteca.blanes.cat\/salainfantil\/wp-content\/uploads\/sites\/2\/2024\/07\/\u00a1Vaya-vacaciones-Victor-Garcia-Leon.jpg 700w\" sizes=\"(max-width: 202px) 100vw, 202px\" \/><\/a><\/p>\n"},"caption":{"rendered":""},"alt_text":"","media_type":"image","mime_type":"image\/jpeg","media_details":{"width":700,"height":1038,"file":"2024\/07\/\u00a1Vaya-vacaciones-Victor-Garcia-Leon.jpg","filesize":125062,"sizes":{"medium":{"file":"\u00a1Vaya-vacaciones-Victor-Garcia-Leon-202x300.jpg","width":202,"height":300,"filesize":20675,"mime_type":"image\/jpeg","source_url":"https:\/\/biblioteca.blanes.cat\/salainfantil\/wp-content\/uploads\/sites\/2\/2024\/07\/\u00a1Vaya-vacaciones-Victor-Garcia-Leon-202x300.jpg"},"large":{"file":"\u00a1Vaya-vacaciones-Victor-Garcia-Leon-691x1024.jpg","width":691,"height":1024,"filesize":161309,"mime_type":"image\/jpeg","source_url":"https:\/\/biblioteca.blanes.cat\/salainfantil\/wp-content\/uploads\/sites\/2\/2024\/07\/\u00a1Vaya-vacaciones-Victor-Garcia-Leon-691x1024.jpg"},"thumbnail":{"file":"\u00a1Vaya-vacaciones-Victor-Garcia-Leon-150x150.jpg","width":150,"height":150,"filesize":9252,"mime_type":"image\/jpeg","source_url":"https:\/\/biblioteca.blanes.cat\/salainfantil\/wp-content\/uploads\/sites\/2\/2024\/07\/\u00a1Vaya-vacaciones-Victor-Garcia-Leon-150x150.jpg"},"featured-blog-large":{"file":"\u00a1Vaya-vacaciones-Victor-Garcia-Leon-700x350.jpg","width":700,"height":350,"filesize":64985,"mime_type":"image\/jpeg","source_url":"https:\/\/biblioteca.blanes.cat\/salainfantil\/wp-content\/uploads\/sites\/2\/2024\/07\/\u00a1Vaya-vacaciones-Victor-Garcia-Leon-700x350.jpg"},"featured-blog-medium":{"file":"\u00a1Vaya-vacaciones-Victor-Garcia-Leon-270x270.jpg","width":270,"height":270,"filesize":23551,"mime_type":"image\/jpeg","source_url":"https:\/\/biblioteca.blanes.cat\/salainfantil\/wp-content\/uploads\/sites\/2\/2024\/07\/\u00a1Vaya-vacaciones-Victor-Garcia-Leon-270x270.jpg"},"featured":{"file":"\u00a1Vaya-vacaciones-Victor-Garcia-Leon-642x300.jpg","width":642,"height":300,"filesize":55356,"mime_type":"image\/jpeg","source_url":"https:\/\/biblioteca.blanes.cat\/salainfantil\/wp-content\/uploads\/sites\/2\/2024\/07\/\u00a1Vaya-vacaciones-Victor-Garcia-Leon-642x300.jpg"},"featured-blog-medium-small":{"file":"\u00a1Vaya-vacaciones-Victor-Garcia-Leon-230x230.jpg","width":230,"height":230,"filesize":18164,"mime_type":"image\/jpeg","source_url":"https:\/\/biblioteca.blanes.cat\/salainfantil\/wp-content\/uploads\/sites\/2\/2024\/07\/\u00a1Vaya-vacaciones-Victor-Garcia-Leon-230x230.jpg"},"full":{"file":"\u00a1Vaya-vacaciones-Victor-Garcia-Leon.jpg","width":700,"height":1038,"mime_type":"image\/jpeg","source_url":"https:\/\/biblioteca.blanes.cat\/salainfantil\/wp-content\/uploads\/sites\/2\/2024\/07\/\u00a1Vaya-vacaciones-Victor-Garcia-Leon.jpg"}},"image_meta":{"aperture":"0","credit":"","camera":"","caption":"","created_timestamp":"0","copyright":"","focal_length":"0","iso":"0","shutter_speed":"0","title":"","orientation":"0","keywords":[]}},"post":9146,"source_url":"https:\/\/biblioteca.blanes.cat\/salainfantil\/wp-content\/uploads\/sites\/2\/2024\/07\/\u00a1Vaya-vacaciones-Victor-Garcia-Leon.jpg","_links":{"self":[{"href":"https:\/\/biblioteca.blanes.cat\/salainfantil\/wp-json\/wp\/v2\/media\/9258","targetHints":{"allow":["GET"]}}],"collection":[{"href":"https:\/\/biblioteca.blanes.cat\/salainfantil\/wp-json\/wp\/v2\/media"}],"about":[{"href":"https:\/\/biblioteca.blanes.cat\/salainfantil\/wp-json\/wp\/v2\/types\/attachment"}],"author":[{"embeddable":true,"href":"https:\/\/biblioteca.blanes.cat\/salainfantil\/wp-json\/wp\/v2\/users\/4"}],"replies":[{"embeddable":true,"href":"https:\/\/biblioteca.blanes.cat\/salainfantil\/wp-json\/wp\/v2\/comments?post=9258"}],"wp:attached-to":[{"embeddable":true,"post_type":"post","id":9146,"href":"https:\/\/biblioteca.blanes.cat\/salainfantil\/wp-json\/wp\/v2\/posts\/9146"}],"curies":[{"name":"wp","href":"https:\/\/api.w.org\/{rel}","templated":true}]}}

¡Vaya vacaciones! Víctor García León

<!-- This site is optimized with the Yoast SEO plugin v27.5 - https://yoast.com/product/yoast-seo-wordpress/ -->
<title>¡Vaya vacaciones! Víctor García León - SALA INFANTIL</title>
<meta name="robots" content="index, follow, max-snippet:-1, max-image-preview:large, max-video-preview:-1" />
<link rel="canonical" href="https://biblioteca.blanes.cat/salainfantil/wp-content/uploads/sites/2/2024/07/¡Vaya-vacaciones-Victor-Garcia-Leon.jpg" />
<meta property="og:locale" content="ca_ES" />
<meta property="og:type" content="article" />
<meta property="og:title" content="¡Vaya vacaciones! Víctor García León - SALA INFANTIL" />
<meta property="og:url" content="https://biblioteca.blanes.cat/salainfantil/wp-content/uploads/sites/2/2024/07/¡Vaya-vacaciones-Victor-Garcia-Leon.jpg" />
<meta property="og:site_name" content="SALA INFANTIL" />
<meta property="og:image" content="https://biblioteca.blanes.cat/salainfantil/wp-content/uploads/sites/2/2024/07/¡Vaya-vacaciones-Victor-Garcia-Leon.jpg" />
	<meta property="og:image:width" content="700" />
	<meta property="og:image:height" content="1038" />
	<meta property="og:image:type" content="image/jpeg" />
<meta name="twitter:card" content="summary_large_image" />
<script type="application/ld+json" class="yoast-schema-graph">{"@context":"https:\/\/schema.org","@graph":[{"@type":"WebPage","@id":"https:\/\/biblioteca.blanes.cat\/salainfantil\/wp-content\/uploads\/sites\/2\/2024\/07\/¡Vaya-vacaciones-Victor-Garcia-Leon.jpg","url":"https:\/\/biblioteca.blanes.cat\/salainfantil\/wp-content\/uploads\/sites\/2\/2024\/07\/¡Vaya-vacaciones-Victor-Garcia-Leon.jpg","name":"¡Vaya vacaciones! Víctor García León - SALA INFANTIL","isPartOf":{"@id":"https:\/\/biblioteca.blanes.cat\/salainfantil\/#website"},"datePublished":"2024-07-12T18:21:12+00:00","breadcrumb":{"@id":"https:\/\/biblioteca.blanes.cat\/salainfantil\/wp-content\/uploads\/sites\/2\/2024\/07\/¡Vaya-vacaciones-Victor-Garcia-Leon.jpg#breadcrumb"},"inLanguage":"ca","potentialAction":[{"@type":"ReadAction","target":["https:\/\/biblioteca.blanes.cat\/salainfantil\/wp-content\/uploads\/sites\/2\/2024\/07\/¡Vaya-vacaciones-Victor-Garcia-Leon.jpg"]}]},{"@type":"BreadcrumbList","@id":"https:\/\/biblioteca.blanes.cat\/salainfantil\/wp-content\/uploads\/sites\/2\/2024\/07\/¡Vaya-vacaciones-Victor-Garcia-Leon.jpg#breadcrumb","itemListElement":[{"@type":"ListItem","position":1,"name":"Inici","item":"https:\/\/biblioteca.blanes.cat\/salainfantil\/"},{"@type":"ListItem","position":2,"name":"¡Vaya vacaciones! Víctor García León"}]},{"@type":"WebSite","@id":"https:\/\/biblioteca.blanes.cat\/salainfantil\/#website","url":"https:\/\/biblioteca.blanes.cat\/salainfantil\/","name":"SALA INFANTIL","description":"Biblioteca Roberto Bolaño","potentialAction":[{"@type":"SearchAction","target":{"@type":"EntryPoint","urlTemplate":"https:\/\/biblioteca.blanes.cat\/salainfantil\/?s={search_term_string}"},"query-input":{"@type":"PropertyValueSpecification","valueRequired":true,"valueName":"search_term_string"}}],"inLanguage":"ca"}]}</script>
<!-- / Yoast SEO plugin. -->

¡Vaya vacaciones! Víctor García León - SALA INFANTIL

Biblioteca Roberto Bolaño
