{"version":"1.0","provider_name":"SALA INFANTIL","provider_url":"https:\/\/biblioteca.blanes.cat\/salainfantil","author_name":"biblioblanes","author_url":"https:\/\/biblioteca.blanes.cat\/salainfantil\/author\/biblioblanes\/","title":"MINICLUB: gener 2019 EL LLADRE DE GALLINES","type":"rich","width":600,"height":338,"html":"<blockquote class=\"wp-embedded-content\" data-secret=\"WOHT3BWtrC\"><a href=\"https:\/\/biblioteca.blanes.cat\/salainfantil\/miniclub-gener-2019\/\">MINICLUB: gener 2019<\/a><\/blockquote><iframe sandbox=\"allow-scripts\" security=\"restricted\" src=\"https:\/\/biblioteca.blanes.cat\/salainfantil\/miniclub-gener-2019\/embed\/#?secret=WOHT3BWtrC\" width=\"600\" height=\"338\" title=\"&#8220;MINICLUB: gener 2019&#8221; &#8212; SALA INFANTIL\" data-secret=\"WOHT3BWtrC\" frameborder=\"0\" marginwidth=\"0\" marginheight=\"0\" scrolling=\"no\" class=\"wp-embedded-content\"><\/iframe><script type=\"text\/javascript\">\n\/* <![CDATA[ *\/\n\/*! This file is auto-generated *\/\n!function(d,l){\"use strict\";l.querySelector&&d.addEventListener&&\"undefined\"!=typeof URL&&(d.wp=d.wp||{},d.wp.receiveEmbedMessage||(d.wp.receiveEmbedMessage=function(e){var t=e.data;if((t||t.secret||t.message||t.value)&&!\/[^a-zA-Z0-9]\/.test(t.secret)){for(var s,r,n,a=l.querySelectorAll('iframe[data-secret=\"'+t.secret+'\"]'),o=l.querySelectorAll('blockquote[data-secret=\"'+t.secret+'\"]'),c=new RegExp(\"^https?:$\",\"i\"),i=0;i<o.length;i++)o[i].style.display=\"none\";for(i=0;i<a.length;i++)s=a[i],e.source===s.contentWindow&&(s.removeAttribute(\"style\"),\"height\"===t.message?(1e3<(r=parseInt(t.value,10))?r=1e3:~~r<200&&(r=200),s.height=r):\"link\"===t.message&&(r=new URL(s.getAttribute(\"src\")),n=new URL(t.value),c.test(n.protocol))&&n.host===r.host&&l.activeElement===s&&(d.top.location.href=t.value))}},d.addEventListener(\"message\",d.wp.receiveEmbedMessage,!1),l.addEventListener(\"DOMContentLoaded\",function(){for(var e,t,s=l.querySelectorAll(\"iframe.wp-embedded-content\"),r=0;r<s.length;r++)(t=(e=s[r]).getAttribute(\"data-secret\"))||(t=Math.random().toString(36).substring(2,12),e.src+=\"#?secret=\"+t,e.setAttribute(\"data-secret\",t)),e.contentWindow.postMessage({message:\"ready\",secret:t},\"*\")},!1)))}(window,document);\n\/\/# sourceURL=https:\/\/biblioteca.blanes.cat\/salainfantil\/wp-includes\/js\/wp-embed.min.js\n\/* ]]> *\/\n<\/script>\n","thumbnail_url":"https:\/\/biblioteca.blanes.cat\/salainfantil\/wp-content\/uploads\/sites\/2\/2019\/01\/Miniclub.png","thumbnail_width":695,"thumbnail_height":675,"description":"Hem encetat l\u2019any amb la lectura d\u2019 aquest \u00e0lbum il\u00b7lustrat de la Beatrice Rodr\u00edguez, una mestra de la narraci\u00f3 sense paraules que ens porta una hist\u00f2ria per \u201cllegir\u201d abans de saber llegir."}

Hem encetat l’any amb la lectura d’ aquest àlbum il·lustrat de la Beatrice Rodríguez, una mestra de la narració sense paraules que ens porta una història per “llegir” abans de saber llegir.
