{"id":274,"date":"2022-01-14T10:56:47","date_gmt":"2022-01-14T09:56:47","guid":{"rendered":"https:\/\/biblioteca.blanes.cat\/dijousdelletresimots\/?page_id=274"},"modified":"2023-04-28T15:47:52","modified_gmt":"2023-04-28T14:47:52","slug":"2022-2","status":"publish","type":"page","link":"https:\/\/biblioteca.blanes.cat\/dijousdelletresimots\/que-hem-llegit\/2022-2\/","title":{"rendered":"2022"},"content":{"rendered":"\n<p><\/p>\n\n\n\n<p>La rambla fa baixada de N\u00e9stor Luj\u00e1n<\/p>\n\n\n\n<p>La drecera de Miquel Mart\u00ed. Amb la visita de l&#8217;autor<\/p>\n\n\n\n<p>Un amor de Sara Mesa<\/p>\n\n\n\n<p>Ahir de Agota Kristof<\/p>\n\n\n\n<p>La vida juga amb mi de David Grossman<\/p>\n\n\n\n<p>Quadres de viatges, de Heinrich Heine. Dins del projecte LiceuBib: Giselle d&#8217;Akram Khan<\/p>\n\n\n\n<p>La sonrisa etrusca de Jos\u00e9 Lu\u00eds Sampedro<\/p>\n\n\n\n<p>Celebraci\u00f3 del 20\u00e8 aniversari <\/p>\n\n\n\n<p>Assaig sobre la ceguesa de Jos\u00e9 Saramago<\/p>\n\n\n\n<p>L&#8217;anomalia de Herv\u00e9 Le Tellier<\/p>\n","protected":false},"excerpt":{"rendered":"<p>La rambla fa baixada de N\u00e9stor Luj\u00e1n La drecera de Miquel Mart\u00ed. Amb la visita de l&#8217;autor Un amor de Sara Mesa Ahir de Agota Kristof La vida juga amb mi de David Grossman Quadres de viatges, de Heinrich Heine.<\/p>\n","protected":false},"author":4,"featured_media":0,"parent":2,"menu_order":0,"comment_status":"closed","ping_status":"closed","template":"","meta":{"sfsi_plus_gutenberg_text_before_share":"","sfsi_plus_gutenberg_show_text_before_share":"","sfsi_plus_gutenberg_icon_type":"","sfsi_plus_gutenberg_icon_alignemt":"","sfsi_plus_gutenburg_max_per_row":"","footnotes":""},"class_list":["post-274","page","type-page","status-publish","hentry"],"yoast_head":"<!-- This site is optimized with the Yoast SEO plugin v27.5 - https:\/\/yoast.com\/product\/yoast-seo-wordpress\/ -->\n<title>2022 - Dijous de Lletres i Mots<\/title>\n<meta name=\"robots\" content=\"index, follow, max-snippet:-1, max-image-preview:large, max-video-preview:-1\" \/>\n<link rel=\"canonical\" href=\"https:\/\/biblioteca.blanes.cat\/dijousdelletresimots\/que-hem-llegit\/2022-2\/\" \/>\n<meta property=\"og:locale\" content=\"ca_ES\" \/>\n<meta property=\"og:type\" content=\"article\" \/>\n<meta property=\"og:title\" content=\"2022 - Dijous de Lletres i Mots\" \/>\n<meta property=\"og:description\" content=\"La rambla fa baixada de N\u00e9stor Luj\u00e1n La drecera de Miquel Mart\u00ed. Amb la visita de l&#8217;autor Un amor de Sara Mesa Ahir de Agota Kristof La vida juga amb mi de David Grossman Quadres de viatges, de Heinrich Heine.\" \/>\n<meta property=\"og:url\" content=\"https:\/\/biblioteca.blanes.cat\/dijousdelletresimots\/que-hem-llegit\/2022-2\/\" \/>\n<meta property=\"og:site_name\" content=\"Dijous de Lletres i Mots\" \/>\n<meta property=\"article:modified_time\" content=\"2023-04-28T14:47:52+00:00\" \/>\n<meta name=\"twitter:card\" content=\"summary_large_image\" \/>\n<meta name=\"twitter:label1\" content=\"Temps estimat de lectura\" \/>\n\t<meta name=\"twitter:data1\" content=\"1 minut\" \/>\n<script type=\"application\/ld+json\" class=\"yoast-schema-graph\">{\"@context\":\"https:\\\/\\\/schema.org\",\"@graph\":[{\"@type\":\"WebPage\",\"@id\":\"https:\\\/\\\/biblioteca.blanes.cat\\\/dijousdelletresimots\\\/que-hem-llegit\\\/2022-2\\\/\",\"url\":\"https:\\\/\\\/biblioteca.blanes.cat\\\/dijousdelletresimots\\\/que-hem-llegit\\\/2022-2\\\/\",\"name\":\"2022 - Dijous de Lletres i Mots\",\"isPartOf\":{\"@id\":\"https:\\\/\\\/biblioteca.blanes.cat\\\/dijousdelletresimots\\\/#website\"},\"datePublished\":\"2022-01-14T09:56:47+00:00\",\"dateModified\":\"2023-04-28T14:47:52+00:00\",\"breadcrumb\":{\"@id\":\"https:\\\/\\\/biblioteca.blanes.cat\\\/dijousdelletresimots\\\/que-hem-llegit\\\/2022-2\\\/#breadcrumb\"},\"inLanguage\":\"ca\",\"potentialAction\":[{\"@type\":\"ReadAction\",\"target\":[\"https:\\\/\\\/biblioteca.blanes.cat\\\/dijousdelletresimots\\\/que-hem-llegit\\\/2022-2\\\/\"]}]},{\"@type\":\"BreadcrumbList\",\"@id\":\"https:\\\/\\\/biblioteca.blanes.cat\\\/dijousdelletresimots\\\/que-hem-llegit\\\/2022-2\\\/#breadcrumb\",\"itemListElement\":[{\"@type\":\"ListItem\",\"position\":1,\"name\":\"Inici\",\"item\":\"https:\\\/\\\/biblioteca.blanes.cat\\\/dijousdelletresimots\\\/\"},{\"@type\":\"ListItem\",\"position\":2,\"name\":\"Qu\u00e8 hem llegit?\",\"item\":\"https:\\\/\\\/biblioteca.blanes.cat\\\/dijousdelletresimots\\\/que-hem-llegit\\\/\"},{\"@type\":\"ListItem\",\"position\":3,\"name\":\"2022\"}]},{\"@type\":\"WebSite\",\"@id\":\"https:\\\/\\\/biblioteca.blanes.cat\\\/dijousdelletresimots\\\/#website\",\"url\":\"https:\\\/\\\/biblioteca.blanes.cat\\\/dijousdelletresimots\\\/\",\"name\":\"Dijous de Lletres i Mots\",\"description\":\"\",\"potentialAction\":[{\"@type\":\"SearchAction\",\"target\":{\"@type\":\"EntryPoint\",\"urlTemplate\":\"https:\\\/\\\/biblioteca.blanes.cat\\\/dijousdelletresimots\\\/?s={search_term_string}\"},\"query-input\":{\"@type\":\"PropertyValueSpecification\",\"valueRequired\":true,\"valueName\":\"search_term_string\"}}],\"inLanguage\":\"ca\"}]}<\/script>\n<!-- \/ Yoast SEO plugin. -->","yoast_head_json":{"title":"2022 - Dijous de Lletres i Mots","robots":{"index":"index","follow":"follow","max-snippet":"max-snippet:-1","max-image-preview":"max-image-preview:large","max-video-preview":"max-video-preview:-1"},"canonical":"https:\/\/biblioteca.blanes.cat\/dijousdelletresimots\/que-hem-llegit\/2022-2\/","og_locale":"ca_ES","og_type":"article","og_title":"2022 - Dijous de Lletres i Mots","og_description":"La rambla fa baixada de N\u00e9stor Luj\u00e1n La drecera de Miquel Mart\u00ed. Amb la visita de l&#8217;autor Un amor de Sara Mesa Ahir de Agota Kristof La vida juga amb mi de David Grossman Quadres de viatges, de Heinrich Heine.","og_url":"https:\/\/biblioteca.blanes.cat\/dijousdelletresimots\/que-hem-llegit\/2022-2\/","og_site_name":"Dijous de Lletres i Mots","article_modified_time":"2023-04-28T14:47:52+00:00","twitter_card":"summary_large_image","twitter_misc":{"Temps estimat de lectura":"1 minut"},"schema":{"@context":"https:\/\/schema.org","@graph":[{"@type":"WebPage","@id":"https:\/\/biblioteca.blanes.cat\/dijousdelletresimots\/que-hem-llegit\/2022-2\/","url":"https:\/\/biblioteca.blanes.cat\/dijousdelletresimots\/que-hem-llegit\/2022-2\/","name":"2022 - Dijous de Lletres i Mots","isPartOf":{"@id":"https:\/\/biblioteca.blanes.cat\/dijousdelletresimots\/#website"},"datePublished":"2022-01-14T09:56:47+00:00","dateModified":"2023-04-28T14:47:52+00:00","breadcrumb":{"@id":"https:\/\/biblioteca.blanes.cat\/dijousdelletresimots\/que-hem-llegit\/2022-2\/#breadcrumb"},"inLanguage":"ca","potentialAction":[{"@type":"ReadAction","target":["https:\/\/biblioteca.blanes.cat\/dijousdelletresimots\/que-hem-llegit\/2022-2\/"]}]},{"@type":"BreadcrumbList","@id":"https:\/\/biblioteca.blanes.cat\/dijousdelletresimots\/que-hem-llegit\/2022-2\/#breadcrumb","itemListElement":[{"@type":"ListItem","position":1,"name":"Inici","item":"https:\/\/biblioteca.blanes.cat\/dijousdelletresimots\/"},{"@type":"ListItem","position":2,"name":"Qu\u00e8 hem llegit?","item":"https:\/\/biblioteca.blanes.cat\/dijousdelletresimots\/que-hem-llegit\/"},{"@type":"ListItem","position":3,"name":"2022"}]},{"@type":"WebSite","@id":"https:\/\/biblioteca.blanes.cat\/dijousdelletresimots\/#website","url":"https:\/\/biblioteca.blanes.cat\/dijousdelletresimots\/","name":"Dijous de Lletres i Mots","description":"","potentialAction":[{"@type":"SearchAction","target":{"@type":"EntryPoint","urlTemplate":"https:\/\/biblioteca.blanes.cat\/dijousdelletresimots\/?s={search_term_string}"},"query-input":{"@type":"PropertyValueSpecification","valueRequired":true,"valueName":"search_term_string"}}],"inLanguage":"ca"}]}},"_links":{"self":[{"href":"https:\/\/biblioteca.blanes.cat\/dijousdelletresimots\/wp-json\/wp\/v2\/pages\/274","targetHints":{"allow":["GET"]}}],"collection":[{"href":"https:\/\/biblioteca.blanes.cat\/dijousdelletresimots\/wp-json\/wp\/v2\/pages"}],"about":[{"href":"https:\/\/biblioteca.blanes.cat\/dijousdelletresimots\/wp-json\/wp\/v2\/types\/page"}],"author":[{"embeddable":true,"href":"https:\/\/biblioteca.blanes.cat\/dijousdelletresimots\/wp-json\/wp\/v2\/users\/4"}],"replies":[{"embeddable":true,"href":"https:\/\/biblioteca.blanes.cat\/dijousdelletresimots\/wp-json\/wp\/v2\/comments?post=274"}],"version-history":[{"count":7,"href":"https:\/\/biblioteca.blanes.cat\/dijousdelletresimots\/wp-json\/wp\/v2\/pages\/274\/revisions"}],"predecessor-version":[{"id":331,"href":"https:\/\/biblioteca.blanes.cat\/dijousdelletresimots\/wp-json\/wp\/v2\/pages\/274\/revisions\/331"}],"up":[{"embeddable":true,"href":"https:\/\/biblioteca.blanes.cat\/dijousdelletresimots\/wp-json\/wp\/v2\/pages\/2"}],"wp:attachment":[{"href":"https:\/\/biblioteca.blanes.cat\/dijousdelletresimots\/wp-json\/wp\/v2\/media?parent=274"}],"curies":[{"name":"wp","href":"https:\/\/api.w.org\/{rel}","templated":true}]}}

<p></p>



<p>La rambla fa baixada de Néstor Luján</p>



<p>La drecera de Miquel Martí. Amb la visita de l&#8217;autor</p>



<p>Un amor de Sara Mesa</p>



<p>Ahir de Agota Kristof</p>



<p>La vida juga amb mi de David Grossman</p>



<p>Quadres de viatges, de Heinrich Heine. Dins del projecte LiceuBib: Giselle d&#8217;Akram Khan</p>



<p>La sonrisa etrusca de José Luís Sampedro</p>



<p>Celebració del 20è aniversari </p>



<p>Assaig sobre la ceguesa de José Saramago</p>



<p>L&#8217;anomalia de Hervé Le Tellier</p>

<p>La rambla fa baixada de Néstor Luján La drecera de Miquel Martí. Amb la visita de l&#8217;autor Un amor de Sara Mesa Ahir de Agota Kristof La vida juga amb mi de David Grossman Quadres de viatges, de Heinrich Heine.</p>

<!-- This site is optimized with the Yoast SEO plugin v27.5 - https://yoast.com/product/yoast-seo-wordpress/ -->
<title>2022 - Dijous de Lletres i Mots</title>
<meta name="robots" content="index, follow, max-snippet:-1, max-image-preview:large, max-video-preview:-1" />
<link rel="canonical" href="https://biblioteca.blanes.cat/dijousdelletresimots/que-hem-llegit/2022-2/" />
<meta property="og:locale" content="ca_ES" />
<meta property="og:type" content="article" />
<meta property="og:title" content="2022 - Dijous de Lletres i Mots" />
<meta property="og:description" content="La rambla fa baixada de Néstor Luján La drecera de Miquel Martí. Amb la visita de l&#8217;autor Un amor de Sara Mesa Ahir de Agota Kristof La vida juga amb mi de David Grossman Quadres de viatges, de Heinrich Heine." />
<meta property="og:url" content="https://biblioteca.blanes.cat/dijousdelletresimots/que-hem-llegit/2022-2/" />
<meta property="og:site_name" content="Dijous de Lletres i Mots" />
<meta property="article:modified_time" content="2023-04-28T14:47:52+00:00" />
<meta name="twitter:card" content="summary_large_image" />
<meta name="twitter:label1" content="Temps estimat de lectura" />
	<meta name="twitter:data1" content="1 minut" />
<script type="application/ld+json" class="yoast-schema-graph">{"@context":"https:\/\/schema.org","@graph":[{"@type":"WebPage","@id":"https:\/\/biblioteca.blanes.cat\/dijousdelletresimots\/que-hem-llegit\/2022-2\/","url":"https:\/\/biblioteca.blanes.cat\/dijousdelletresimots\/que-hem-llegit\/2022-2\/","name":"2022 - Dijous de Lletres i Mots","isPartOf":{"@id":"https:\/\/biblioteca.blanes.cat\/dijousdelletresimots\/#website"},"datePublished":"2022-01-14T09:56:47+00:00","dateModified":"2023-04-28T14:47:52+00:00","breadcrumb":{"@id":"https:\/\/biblioteca.blanes.cat\/dijousdelletresimots\/que-hem-llegit\/2022-2\/#breadcrumb"},"inLanguage":"ca","potentialAction":[{"@type":"ReadAction","target":["https:\/\/biblioteca.blanes.cat\/dijousdelletresimots\/que-hem-llegit\/2022-2\/"]}]},{"@type":"BreadcrumbList","@id":"https:\/\/biblioteca.blanes.cat\/dijousdelletresimots\/que-hem-llegit\/2022-2\/#breadcrumb","itemListElement":[{"@type":"ListItem","position":1,"name":"Inici","item":"https:\/\/biblioteca.blanes.cat\/dijousdelletresimots\/"},{"@type":"ListItem","position":2,"name":"Què hem llegit?","item":"https:\/\/biblioteca.blanes.cat\/dijousdelletresimots\/que-hem-llegit\/"},{"@type":"ListItem","position":3,"name":"2022"}]},{"@type":"WebSite","@id":"https:\/\/biblioteca.blanes.cat\/dijousdelletresimots\/#website","url":"https:\/\/biblioteca.blanes.cat\/dijousdelletresimots\/","name":"Dijous de Lletres i Mots","description":"","potentialAction":[{"@type":"SearchAction","target":{"@type":"EntryPoint","urlTemplate":"https:\/\/biblioteca.blanes.cat\/dijousdelletresimots\/?s={search_term_string}"},"query-input":{"@type":"PropertyValueSpecification","valueRequired":true,"valueName":"search_term_string"}}],"inLanguage":"ca"}]}</script>
<!-- / Yoast SEO plugin. -->

La rambla fa baixada de Néstor Luján La drecera de Miquel Martí. Amb la visita de l&#8217;autor Un amor de Sara Mesa Ahir de Agota Kristof La vida juga amb mi de David Grossman Quadres de viatges, de Heinrich Heine.

Què hem llegit?
