{"version":"1.0","provider_name":"Dijous de Lletres i Mots","provider_url":"https:\/\/biblioteca.blanes.cat\/dijousdelletresimots","author_name":"biblioblanes","author_url":"https:\/\/biblioteca.blanes.cat\/dijousdelletresimots\/author\/biblioblanes\/","title":"Per molts anys, Lletres i Mots! - Dijous de Lletres i Mots","type":"rich","width":600,"height":338,"html":"<blockquote class=\"wp-embedded-content\" data-secret=\"8bV2KS2P9S\"><a href=\"https:\/\/biblioteca.blanes.cat\/dijousdelletresimots\/per-molts-anys-lletres-i-mots\/\">Per molts anys, Lletres i Mots!<\/a><\/blockquote><iframe sandbox=\"allow-scripts\" security=\"restricted\" src=\"https:\/\/biblioteca.blanes.cat\/dijousdelletresimots\/per-molts-anys-lletres-i-mots\/embed\/#?secret=8bV2KS2P9S\" width=\"600\" height=\"338\" title=\"&#8220;Per molts anys, Lletres i Mots!&#8221; &#8212; Dijous de Lletres i Mots\" data-secret=\"8bV2KS2P9S\" frameborder=\"0\" marginwidth=\"0\" marginheight=\"0\" scrolling=\"no\" class=\"wp-embedded-content\"><\/iframe><script type=\"text\/javascript\">\n\/* <![CDATA[ *\/\n\/*! This file is auto-generated *\/\n!function(d,l){\"use strict\";l.querySelector&&d.addEventListener&&\"undefined\"!=typeof URL&&(d.wp=d.wp||{},d.wp.receiveEmbedMessage||(d.wp.receiveEmbedMessage=function(e){var t=e.data;if((t||t.secret||t.message||t.value)&&!\/[^a-zA-Z0-9]\/.test(t.secret)){for(var s,r,n,a=l.querySelectorAll('iframe[data-secret=\"'+t.secret+'\"]'),o=l.querySelectorAll('blockquote[data-secret=\"'+t.secret+'\"]'),c=new RegExp(\"^https?:$\",\"i\"),i=0;i<o.length;i++)o[i].style.display=\"none\";for(i=0;i<a.length;i++)s=a[i],e.source===s.contentWindow&&(s.removeAttribute(\"style\"),\"height\"===t.message?(1e3<(r=parseInt(t.value,10))?r=1e3:~~r<200&&(r=200),s.height=r):\"link\"===t.message&&(r=new URL(s.getAttribute(\"src\")),n=new URL(t.value),c.test(n.protocol))&&n.host===r.host&&l.activeElement===s&&(d.top.location.href=t.value))}},d.addEventListener(\"message\",d.wp.receiveEmbedMessage,!1),l.addEventListener(\"DOMContentLoaded\",function(){for(var e,t,s=l.querySelectorAll(\"iframe.wp-embedded-content\"),r=0;r<s.length;r++)(t=(e=s[r]).getAttribute(\"data-secret\"))||(t=Math.random().toString(36).substring(2,12),e.src+=\"#?secret=\"+t,e.setAttribute(\"data-secret\",t)),e.contentWindow.postMessage({message:\"ready\",secret:t},\"*\")},!1)))}(window,document);\n\/\/# sourceURL=https:\/\/biblioteca.blanes.cat\/dijousdelletresimots\/wp-includes\/js\/wp-embed.min.js\n\/* ]]> *\/\n<\/script>\n","description":"El passat dijous 3 de juliol v\u00e0rem celebrar el 23\u00e8 aniversari de la Tert\u00falia Dijous de Lletres i Mots. En aquesta ocasi\u00f3 v\u00e0rem comptar amb la magn\u00edfica representaci\u00f3 &#8220;\u00c0ngesl i dimonis a Montserrat&#8221;. L&#8217;espectacle va ser protagonitzat per de l&#8217;","thumbnail_url":"https:\/\/biblioteca.blanes.cat\/dijousdelletresimots\/wp-content\/uploads\/sites\/4\/2025\/07\/BiblioBlanes_23Aniv_Tertulia_0372025-18-768x1024.jpeg"}

El passat dijous 3 de juliol vàrem celebrar el 23è aniversari de la Tertúlia Dijous de Lletres i Mots. En aquesta ocasió vàrem comptar amb la magnífica representació &#8220;Àngesl i dimonis a Montserrat&#8221;. L&#8217;espectacle va ser protagonitzat per de l&#8217;
